{"id":20006484,"date":"2021-01-07T20:43:24","date_gmt":"2021-01-07T19:43:24","guid":{"rendered":"http:\/\/test.s385-fair4host.http-s.de\/index.php\/produkt\/tp-link-ac750-wlan-router-schnelles-ethernet-dual-band-24-ghz-5-ghz-schwarz-weiss\/"},"modified":"2021-01-07T20:43:24","modified_gmt":"2021-01-07T19:43:24","slug":"tp-link-ac750-wlan-router-schnelles-ethernet-dual-band-24-ghz-5-ghz-schwarz-weiss","status":"publish","type":"product","link":"http:\/\/test.s385-fair4host.http-s.de\/index.php\/produkt\/tp-link-ac750-wlan-router-schnelles-ethernet-dual-band-24-ghz-5-ghz-schwarz-weiss\/","title":{"rendered":"TP-LINK AC750 WLAN-Router Schnelles Ethernet Dual-Band (2,4 GHz\/5 GHz) Schwarz, Wei\u00df"},"content":{"rendered":"<p>&#8211; Arbeitet nach dem neuen 802.11ac-Standard &#8211; der neuen WLAN-Generation<br \/>&#8211; Simultanes Dualband: WLAN-Geschwindigkeit bis zu 300 Mbit\/s auf 2,4GHz und bis zu 433 Mbit\/s auf 5GHz, ideal f\u00fcr unterbrechungsfreies HD-Videostreaming und Online-Gaming<br \/>&#8211; 2 externe Antennen sorgen f\u00fcr optimale WLAN-Abdeckung und -Reichweite<br \/>&#8211; USB-2.0-Port zur einfachen Freigabe von Druckern, Dateien oder Multimedia<\/p>\n<p><b>802.11ac &#8211; Die n\u00e4chste WLAN-Generation<\/b><br \/>TP-LINKs Archer C2 ist mit dem WLAN-Standard der n\u00e4chsten Generation ausger\u00fcstet \u2013 802.11ac, der kompatibel zu 802.11n ist, jedoch eine 3mal h\u00f6here Datenrate erreicht. Dies macht den Archer C2 zum idealen Router f\u00fcr HD-Videostreaming, Online-Gaming und andere bandbreitenintensive Anwendungen.<\/p>\n<p><b>AC750-Dualband f\u00fcr verz\u00f6gerungsfreies Arbeiten und Entertainment<\/b><br \/>Der Archer C2 arbeitet sowohl auf dem 2,4- als auch auf dem 5GHz-Band und stellt damit eine unglaubliche WLAN-Performance sicher. Dieser Simultanbetrieb erm\u00f6glicht Ihnen die Flexibilit\u00e4t zweier dedizierter WLANs, denen Sie verschiedene Zwecke zuweisen k\u00f6nnen: E-Mailen, Chatten und Surfen auf 2,4GHz und gleichzeitiges Onlinegaming und HD-Videostreaming auf dem weniger frequentierten 5GHz-Band.<\/p>\n<p><b>Stabiles WLAN-Signal und beste Abdeckung<\/b><br \/>Mit den zwei externen Antennen des C20 k\u00f6nnen hohe Geschwindigkeiten auch \u00fcber gro\u00dfe Distanzen aufrecht erhalten werden. Damit steigen Abdeckung und Zuverl\u00e4ssigkeit weiter an, sodass Sie \u00fcberall in Ihrem Zuhause von einem stabilen WLAN-Signal profitieren k\u00f6nnen.<\/p>\n<p><b>Multifunktions-USB-Port f\u00fcr Speichermedien und Drucker<\/b><br \/>\u00dcber den USB-2.0-Port des Archer C20 k\u00f6nnen Sie Drucker, Dateien und Multimedia in Ihrem lokalen Netz freigeben. Dank integriertem FTP-Server k\u00f6nnen Sie auch von unterwegs \u00fcber das Internet auf Ihre Dateien zugreifen.<\/p>\n<p><b>Gastnetzwerk<\/b><br \/>Der Gastzugang erlaubt Ihren G\u00e4sten sicheren WLAN-Zugriff \u00fcber Ihren Router, ohne dass Sie Ihr lokales Netz freigeben m\u00fcssen.<\/p>\n<p><b>Zugriffskontrolle\/ Kindersicherung<\/b><br \/>Mit Hilfe der Zugriffskontrolle k\u00f6nnen Eltern oder Administratoren die Nutzungsrechte von Kindern oder Mitarbeitern einschr\u00e4nken.<\/p>\n<p><b>Einfache Einrichtung<\/b><br \/>Auf der beiliegenden CD finden Sie TP-LINKs Konfigurationsprogramm, mit dem Sie Ihren Router innerhalb weniger Minuten einsatzbereit machen.<\/p>\n<p><b>IPv6-Unterst\u00fctzung<\/b><br \/>Der Archer C20 unterst\u00fctzt die neue IP-Generation, das Internetprotokoll Version 6 (IPv6), das Ihnen neue Funktionalit\u00e4ten bietet.<\/p>\n","protected":false},"excerpt":{"rendered":"<p>Dualband-WLAN-Router, 4x 10\/100Mbps, USB 2.0, 2.4-5GHz, 433Mbps<\/p>\n","protected":false},"featured_media":20006485,"comment_status":"open","ping_status":"closed","template":"","meta":{"spay_email":""},"_links":{"self":[{"href":"http:\/\/test.s385-fair4host.http-s.de\/index.php\/wp-json\/wp\/v2\/product\/20006484"}],"collection":[{"href":"http:\/\/test.s385-fair4host.http-s.de\/index.php\/wp-json\/wp\/v2\/product"}],"about":[{"href":"http:\/\/test.s385-fair4host.http-s.de\/index.php\/wp-json\/wp\/v2\/types\/product"}],"replies":[{"embeddable":true,"href":"http:\/\/test.s385-fair4host.http-s.de\/index.php\/wp-json\/wp\/v2\/comments?post=20006484"}],"wp:featuredmedia":[{"embeddable":true,"href":"http:\/\/test.s385-fair4host.http-s.de\/index.php\/wp-json\/wp\/v2\/media\/20006485"}],"wp:attachment":[{"href":"http:\/\/test.s385-fair4host.http-s.de\/index.php\/wp-json\/wp\/v2\/media?parent=20006484"}],"curies":[{"name":"wp","href":"https:\/\/api.w.org\/{rel}","templated":true}]}}