{"id":20006430,"date":"2021-01-07T20:42:43","date_gmt":"2021-01-07T19:42:43","guid":{"rendered":"http:\/\/test.s385-fair4host.http-s.de\/index.php\/produkt\/asus-90mp00a1-b0ua00-maus-rechts-rf-wireless-laser-8200-dpi\/"},"modified":"2021-01-07T20:42:43","modified_gmt":"2021-01-07T19:42:43","slug":"asus-90mp00a1-b0ua00-maus-rechts-rf-wireless-laser-8200-dpi","status":"publish","type":"product","link":"http:\/\/test.s385-fair4host.http-s.de\/index.php\/produkt\/asus-90mp00a1-b0ua00-maus-rechts-rf-wireless-laser-8200-dpi\/","title":{"rendered":"ASUS 90MP00A1-B0UA00 Maus rechts RF Wireless Laser 8200 DPI"},"content":{"rendered":"<p>Die ROG Spatha verf\u00fcgt insgesamt \u00fcber 12 programmierbare Tasten, inklusive sechs Daumentasten, f\u00fcr intuitive Kommandos und volle Kontrolle. Sie liegt perfekt in der Hand und wurde ergonomisch konzipiert, um ein taktiles Feedback zu erm\u00f6glichen.<\/p>\n<p><b>SOCKELDESIGN F\u00dcR PERSONALISIERBARE TASTER<\/b><br \/>Die Tasten einer Gaming-Maus m\u00fcssen hohen Belastungen standhalten. Aus diesem Grund ist die ROG Spatha mit robusten Omron\u00ae-Tastern ausgestattet, die \u00fcber eine Lebensdauer von 20 Millionen Klicks verf\u00fcgen. Das exklusive Sockeldesign f\u00fcr austauschbare Taster erlaubt zudem problemlose Anpassungen.<\/p>\n<p>Die ROG Spatha verf\u00fcgt \u00fcber vollst\u00e4ndig programmierbare Daumentasten mit Alps\u00ae-Tastern f\u00fcr ein taktiles Feedback. Die sechs Tasten sind in der Form des bekannten ROG-Auges angeordnet und bieten eine intuitive Bedienung.<\/p>\n<p>Die ROG Spatha verwendet eine drahtlose Hochgeschwindigkeits-Verbindung f\u00fcr hohen Datendurchsatz und niedrige Latenz, damit alle Bewegungen garantiert und mit absoluter Pr\u00e4zision erfasst werden. Sobald der Akku zur Neige geht, kann die Maus w\u00e4hrend des Ladevorganges weiterverwendet werden, ohne dass die Leistung oder Reaktionsf\u00e4higkeit eingeschr\u00e4nkt wird.<\/p>\n<p>Die ROG Spatha f\u00e4llt durch ihr aggressives, kantiges Design auf. Selbst die LED-Lichteffekte f\u00fcr das Mausrad, die Seitentasten und das ROG-Logo k\u00f6nnen aus einem breiten Farbspektrum ausgew\u00e4hlt werden.<\/p>\n<p><b>EXKLUSIVES SOCKELDESIGN F\u00dcR EINFACHEN TASTER-AUSTAUSCH<\/b><br \/>Die ROG Spatha verf\u00fcgt \u00fcber ein exklusives Sockeldesign f\u00fcr einfachen Taster-Austausch, sodass sich die Maus ganz einfach aufr\u00fcsten l\u00e4sst. Dazu m\u00fcssen mit dem mitgelieferten Schraubendreher lediglich zwei Schrauben auf der Unterseite gel\u00f6st werden, um die Abdeckung zu l\u00f6sen und Zugang zu den Sockeln zu erhalten.<\/p>\n<p><b>F\u00dcR GAMER GEBAUT<\/b><br \/>Gaming liegt uns im Blut, deshalb haben unsere R&#038;D-Ingenieure intensiv mit professionellen Spielern zusammengearbeitet, ihr Feedback ber\u00fccksichtigt und eine Gaming-Maus entwickelt, die auch den Belastungen von extralangen Gaming-Sessions standhalten kann. Die ROG Spatha wurde im Hinblick auf Performance und Langlebigkeit entwickelt &#8211; ger\u00fcstet f\u00fcr die h\u00e4rtesten Online-Schlachten.<\/p>\n<p><b>DAS SPIEL GEHT WEITER, EGAL WO!<\/b><br \/>Die ROG Spatha verf\u00fcgt \u00fcber eine eigene Transportbox und als praktische Erg\u00e4nzung sowohl ein geflochtenes als auch ein gummiertes USB-Kabel. So kann beispielsweise das eine Kabel an der Ladestation angeschlossen bleiben und das andere zusammen mit der Spatha in der eleganten Transportbox zu LAN-Parties mitgenommen werden.<\/p>\n","protected":false},"excerpt":{"rendered":"<p>RF 2.4GHz, Laser, 178.5g, 8200dpi<\/p>\n","protected":false},"featured_media":20006431,"comment_status":"open","ping_status":"closed","template":"","meta":{"spay_email":""},"_links":{"self":[{"href":"http:\/\/test.s385-fair4host.http-s.de\/index.php\/wp-json\/wp\/v2\/product\/20006430"}],"collection":[{"href":"http:\/\/test.s385-fair4host.http-s.de\/index.php\/wp-json\/wp\/v2\/product"}],"about":[{"href":"http:\/\/test.s385-fair4host.http-s.de\/index.php\/wp-json\/wp\/v2\/types\/product"}],"replies":[{"embeddable":true,"href":"http:\/\/test.s385-fair4host.http-s.de\/index.php\/wp-json\/wp\/v2\/comments?post=20006430"}],"wp:featuredmedia":[{"embeddable":true,"href":"http:\/\/test.s385-fair4host.http-s.de\/index.php\/wp-json\/wp\/v2\/media\/20006431"}],"wp:attachment":[{"href":"http:\/\/test.s385-fair4host.http-s.de\/index.php\/wp-json\/wp\/v2\/media?parent=20006430"}],"curies":[{"name":"wp","href":"https:\/\/api.w.org\/{rel}","templated":true}]}}