{"id":20006420,"date":"2021-01-07T20:42:36","date_gmt":"2021-01-07T19:42:36","guid":{"rendered":"http:\/\/test.s385-fair4host.http-s.de\/index.php\/produkt\/asus-a68hm-k-amd-a68-socket-fm2-micro-atx\/"},"modified":"2021-01-07T20:42:36","modified_gmt":"2021-01-07T19:42:36","slug":"asus-a68hm-k-amd-a68-socket-fm2-micro-atx","status":"publish","type":"product","link":"http:\/\/test.s385-fair4host.http-s.de\/index.php\/produkt\/asus-a68hm-k-amd-a68-socket-fm2-micro-atx\/","title":{"rendered":"ASUS A68HM-K AMD A68 Socket FM2+ micro ATX"},"content":{"rendered":"<p><b>Bew\u00e4hrtes Qualit\u00e4ts-Mainboard mit FM2+-Sockel &#8211; Hochstabile 5X PROTECTION, kristallklarer Klang und neues UEFI BIOS auf A68H-Chipsatz-Basis<\/b><br \/>Als weltweit gr\u00f6\u00dfter Mainboard-Hersteller sind wir daf\u00fcr bekannt, dass bei er Entwicklung unserer Produkte der Nutzer im Mittelpunkt steht. Unsere Ingenieure orientieren sich an strengen Vorgaben, um die Qualit\u00e4t unserer Produkte w\u00e4hrend ihrer gesamten Lebensdauer zu gew\u00e4hrleisten, und verwenden f\u00fcr die Serienproduktion nur ausgew\u00e4hlte Bauteile. Unsere Mainboards haben ihre Kompatibilit\u00e4t mit mehr als 1.000 Komponenten und Ger\u00e4ten unter Beweis gestellt und mindestens 7.000 Pr\u00fcfstunden absolviert. Sie k\u00f6nnen also sicher sein, dass ASUS-Mainboards f\u00fcr alle Umgebungen und Anwendungen geeignet sind. Wenn Sie die besten Komponenten f\u00fcr Ihren PC ausw\u00e4hlen m\u00f6chten, vertrauen Sie auf ein Mainboard von A<\/p>\n<p><b>ardware-Schutz f\u00fcr lange Lebensdauer.<\/b><br \/>Jeder einzelnen Komponente eines Mainboards von ASUS liegt unser Anspruch zugrunde, stets das beste Produkt anzubieten. Wir arbeiten unentwegt an der Qualit\u00e4t unserer Produkte, um die Voraussetzung f\u00fcr langfristig stabile und leistungsf\u00e4hige Systeme zu schaffen.<\/p>\n<p><b>Pr\u00e4zise digitale Leistungsregelung mit ASUS DIGI+ VRM<\/b><br \/>Die Spannungsreglermodule (VRMs) geh\u00f6ren zu den wichtigsten Komponenten des Mainboards. Ein guter Spannungsregler versorgt die CPU je nach Bedarf immer mit ausreichend Leistung. ASUS ist ein Vorreiter bei digitalen Spannungsreglern, die den Bedarf der CPU schnell erkennen und pr\u00e4zise auf Ver\u00e4nderungen reagieren. Dank der hohen Pr\u00e4zision wird der Verlust von Energie reduziert sowie die Systemstabilit\u00e4t aufgrund der konsistenten Versorgung verbessert.<br \/><b>Umfassender RAM-\u00dcberstromschutz<\/b><br \/>Die integrierten Sicherungen verhindern Sch\u00e4den durch \u00dcberstr\u00f6me und Kurzschl\u00fcsse. Der Schutz reicht von den Anschl\u00fcssen bis zu den RAM-Modulen, um sowohl das System als auch angeschlossene Ger\u00e4te vor Sch\u00e4den zu bewahren.<\/p>\n<p><b>Anschlussblende aus Edelstahl 3-mal so best\u00e4ndig<\/b><br \/>Die r\u00fcckw\u00e4rtigen E\/A-Blenden der ASUS Mainboards bestehen aus besonders robustem und korrosionsbest\u00e4ndigem Edelstahl, der mit einer d\u00fcnnen Schicht Chromoxid versehen wurde, welche die Korrosionsbest\u00e4ndigkeit noch verst\u00e4rkt. Die Edelstahl-Anschlussblenden von ASUS-Mainboards haben einen 72-Stunden-Belastungstest mit Salzspr\u00fchnebel durchlaufen und sind 3-mal so best\u00e4ndig wie gew\u00f6hnliche Blenden.<\/p>\n<p><b>ESD Guards zum Schutz vor Entladungen<\/b><br \/>Elektrostatische Entladungen kommen unerwartet und k\u00f6nnen erhebliche Sch\u00e4den verursachen. Die ESD Guards von ASUS m\u00fcssen hohe Anforderungen erf\u00fcllen und k\u00f6nnen Luftentladung von bis zu +\/-10 kV und Kontaktentladungen von +\/-6 kV ableiten. Dazu verwenden wir eine aktive Schutzschaltung, die Ihr System vor elektrostatischen St\u00f6rungen und Sch\u00e4den sch\u00fctzt und die Lebensdauer der Komponenten erh\u00f6ht.<\/p>\n<p>Jedes ASUS-Mainboard ist mit Tausenden von Ger\u00e4ten kompatibel. Unsere Ingenieure testen die Mainboards mit CPUs aus dem Server- und Consumer-Bereich, mit hunderten von Speichermodulen, dutzenden von Grafikkarten sowie diversen Speicherger\u00e4ten, Netzteilen, Netzwerkkarten, Displays, optischen Laufwerken, Peripherieger\u00e4ten und mehr. Wir m\u00f6chten, dass Sie volles Vertrauen in unsere Produkte und ihre \u00fcberragende Kompatibilit\u00e4t haben.<\/p>\n<p>Wir sind von der \u00fcberragenden Kompatibilit\u00e4t unserer Mainboards so \u00fcberzeugt, dass wir unsere gesamte QVL ver\u00f6ffentlichen. Damit haben Sie mehr Wahlm\u00f6glichkeiten bei der sorgenfreien Zusammenstellung Ihres Wunsch-PC. Die QVL wird vollst\u00e4ndig und l\u00fcckenlos ver\u00f6ffentlicht: Jede kompatible Komponente auf der Liste ist \u00f6ffentlich einsehbar. Wenn Sie pr\u00fcfen m\u00f6chten, ob eine bestimmte Komponente oder ein bestimmtes Ger\u00e4t mit Ihrem Mainboard kompatibel ist, gibt Ihnen die QVL unmittelbar Gewissheit.<\/p>\n<p><b>ASUS-Design f\u00fcr optimale Kompatibilit\u00e4t mit ASUS-Produkten<\/b><br \/>Wenn Sie sich f\u00fcr ein Mainboard von ASUS entscheiden, interessieren Sie sich wahrscheinlich auch f\u00fcr andere Komponenten von ASUS. ASUS entwickelt seine Produkte selbst, sodass Grafikkarten, Soundkarten und optische Laufwerke reibungslos mit Ihrem Mainboard funktionieren.<\/p>\n","protected":false},"excerpt":{"rendered":"<p>AMD A68H FCH (Bolton D2H), Socket FM2+, 2 x DIMM, PCI\/PCIe, 4 x SATA 6Gb\/s, Gigabit Ethernet, 8-ch, mATX<\/p>\n","protected":false},"featured_media":20006421,"comment_status":"open","ping_status":"closed","template":"","meta":{"spay_email":""},"_links":{"self":[{"href":"http:\/\/test.s385-fair4host.http-s.de\/index.php\/wp-json\/wp\/v2\/product\/20006420"}],"collection":[{"href":"http:\/\/test.s385-fair4host.http-s.de\/index.php\/wp-json\/wp\/v2\/product"}],"about":[{"href":"http:\/\/test.s385-fair4host.http-s.de\/index.php\/wp-json\/wp\/v2\/types\/product"}],"replies":[{"embeddable":true,"href":"http:\/\/test.s385-fair4host.http-s.de\/index.php\/wp-json\/wp\/v2\/comments?post=20006420"}],"wp:featuredmedia":[{"embeddable":true,"href":"http:\/\/test.s385-fair4host.http-s.de\/index.php\/wp-json\/wp\/v2\/media\/20006421"}],"wp:attachment":[{"href":"http:\/\/test.s385-fair4host.http-s.de\/index.php\/wp-json\/wp\/v2\/media?parent=20006420"}],"curies":[{"name":"wp","href":"https:\/\/api.w.org\/{rel}","templated":true}]}}