{"id":20006389,"date":"2021-01-07T20:41:56","date_gmt":"2021-01-07T19:41:56","guid":{"rendered":"http:\/\/test.s385-fair4host.http-s.de\/index.php\/produkt\/zyxel-nas542-nas-desktop-eingebauter-ethernet-anschluss-schwarz\/"},"modified":"2021-01-07T20:41:56","modified_gmt":"2021-01-07T19:41:56","slug":"zyxel-nas542-nas-desktop-eingebauter-ethernet-anschluss-schwarz","status":"publish","type":"product","link":"http:\/\/test.s385-fair4host.http-s.de\/index.php\/produkt\/zyxel-nas542-nas-desktop-eingebauter-ethernet-anschluss-schwarz\/","title":{"rendered":"Zyxel NAS542 NAS Desktop Eingebauter Ethernet-Anschluss Schwarz"},"content":{"rendered":"<p>NAS542<br \/>Erstellen Sie Ihre eigene, pers\u00f6nliche Cloud zum gemeinsamen Verwenden in Gruppen mit der NAS542 Personal Cloud Storage von ZyXEL mit vier Einschubsch\u00e4chten. Der NAS542 von ZyXEL ist mit einer RAID-5 Konfiguration, Hot-Swap-f\u00e4higem Festplattenschutz und zwei Gigabit Ethernet Ports f\u00fcr Link Aggregation ausgestattet und kann Lesegeschwindigkeiten bis zu 130 MBit\/s und Schreibgeschwindigkeiten bis zu 77 MBit\/s auf Basis der RAID-5 Konfiguration erreichen.<\/p>\n<p>Wollten Sie immer schon mal Plattenplatz mit einer bestimmten Community in Ihrem sozialen Umfeld gemeinsam nutzen? W\u00e4re es nicht toll, wenn diese Personen auf die von Ihnen geteilten Medien mit einem eigenen mobilen Ger\u00e4t zugreifen k\u00f6nnten? Hier hat der NAS542 von ZyXEL seinen gro\u00dfen Auftritt: Sie k\u00f6nnen damit Hunderte von Bildern und Videoclips, die Sie f\u00fcr Freunde und Familienmitglieder aufgenommen haben, sofort teilen. Dazu nutzen Sie die ZyXEL Drive App.<\/p>\n<p>Sofortiger Zugriff und gemeinsame Nutzung Ihrer Dateien von \u00fcberall aus<br \/>Die App ZyXEL Drive gibt Ihnen die Freiheit, von \u00fcberall aus auf Dateien auf Ihrem NAS zuzugreifen und sie zu teilen. Und Sie haben dabei die Gewissheit, dass die Dateien sicher \u00fcber private P2P-Verbindungen (Peer-to-Peer) nur mit denjenigen geteilt werden, mit denen Sie sie auch teilen wollen.<\/p>\n<p>Einen gemeinsam genutzten Cloud-Speicher f\u00fcr Personen ohne NAS erstellen<br \/>Stellen Sie Familienmitgliedern und\/oder Freunden Cloud-Speicher zur Verf\u00fcgung, indem Sie einen Ordner auf dem NAS542 von ZyXEL mit der App ZyXEL Drive teilen. Der Vorteil: Ihre Freunde und\/oder Familienmitglieder m\u00fcssen dazu keinen zus\u00e4tzlichen NAS kaufen, sondern installieren einfach nur die App ZyXEL Drive auf dem mobilen Ger\u00e4t ihrer Wahl.<\/p>\n<p>Zuverl\u00e4ssige Datensicherheit<br \/>Sch\u00fctzen Sie sich vor dem Verlust Ihrer pers\u00f6nlichen Daten mit RAID 1, 5, 6, 10 oder 5+ Hot Spare. Mit RAID-Unterst\u00fctzung kann der ZyXEL NAS542 Schutz vor Datenverlust durch Festplattenausf\u00e4lle bieten. Auch wenn eine der Festplatten ausf\u00e4llt, k\u00f6nnen Sie weiterhin sicher auf Ihre Daten zugreifen und durch Austausch der defekten Festplatte den normalen RAID-Schutz wiederherstellen.<\/p>\n<p>Sofort einsatzbereit mit unserer bedienfreundlichen Oberfl\u00e4che<br \/>Der intelligente Desktop NSM 5.1 von ZyXEL stellt reichhaltige Funktionen mit Tools und einer leicht verst\u00e4ndlichen Benutzeroberfl\u00e4che zur Verf\u00fcgung, so dass Sie alles schnell erledigen k\u00f6nnen. Durch Multitasking in mehreren Fenstern sorgen Sie daf\u00fcr, dass Ihre Anwendungen sofort einsatzbereit sind.<\/p>\n<p>NAS-Status von unterwegs abrufen<br \/>Haben Sie mehrere NAS von ZyXEL und wollen schnell deren Status \u00fcberpr\u00fcfen? Besuchen Sie dazu einfach das Web-Portal myZyXELcloud. Das funktioniert von unterwegs genauso wie an einem festen Standort zuhause bei einem Familienmitglied oder einem Freund, wo sie ein NAS installieren. Mit dem Web-Portal myZyXELcloud erhalten Sie ein \u00fcbersichtliches Dashboard und erfahren zuverl\u00e4ssig, ob Sie irgendwo mit Wartung oder Service eingreifen m\u00fcssen.<\/p>\n<p>Multimedia-Inhalte auf einen Gro\u00dfbildfernseher streamen<\/p>\n<p>\u00dcbertragen Sie Ihre auf dem ZyXEL NAS542 gespeicherten Multimedia-Dateien auf den gro\u00dfen Bildschirm. Mit der App ZyXEL zCloud k\u00f6nnen Sie Ihre Lieblingsvideos, -musik oder -fotos auf einem gro\u00dfen Bildschirm abspielen. Dazu nutzen Sie TV-Streaming-Ger\u00e4te wie etwa Apple TV, Google Chromecast, Roku 3, Amazon Fire TV bzw. Samsung\/LG Smart TV.<\/p>\n<p>Einfacher Upload von Ihrem Smartphone<br \/>Die ZyXEL zCloud App hat eine Instant Upload Funktion von Ihrem Mobiltelefon zum NAS542. Sie w\u00e4hlen einfach mehrere Foto- und Videoquellen auf Ihrem Mobiltelefon aus und laden dann diese Dateien automatisch in die angegebenen Zielordner auf Ihrem NAS hoch bzw. erstellen dort ein Backup von ihnen.<\/p>\n","protected":false},"excerpt":{"rendered":"<p>Cortex-A9 (1.2 GHz), 1GB DDR3, 2.5&#8243;\/3.5&#8243; SATA II, USB 3.0, Gigabit Ethernet, 2kg<\/p>\n","protected":false},"featured_media":0,"comment_status":"open","ping_status":"closed","template":"","meta":{"spay_email":""},"_links":{"self":[{"href":"http:\/\/test.s385-fair4host.http-s.de\/index.php\/wp-json\/wp\/v2\/product\/20006389"}],"collection":[{"href":"http:\/\/test.s385-fair4host.http-s.de\/index.php\/wp-json\/wp\/v2\/product"}],"about":[{"href":"http:\/\/test.s385-fair4host.http-s.de\/index.php\/wp-json\/wp\/v2\/types\/product"}],"replies":[{"embeddable":true,"href":"http:\/\/test.s385-fair4host.http-s.de\/index.php\/wp-json\/wp\/v2\/comments?post=20006389"}],"wp:attachment":[{"href":"http:\/\/test.s385-fair4host.http-s.de\/index.php\/wp-json\/wp\/v2\/media?parent=20006389"}],"curies":[{"name":"wp","href":"https:\/\/api.w.org\/{rel}","templated":true}]}}