{"id":20006363,"date":"2021-01-07T20:41:35","date_gmt":"2021-01-07T19:41:35","guid":{"rendered":"http:\/\/test.s385-fair4host.http-s.de\/index.php\/produkt\/samsung-970-evo-plus-m-2-500-gb-pci-express-3-0-v-nand-mlc-nvme\/"},"modified":"2021-01-07T20:41:35","modified_gmt":"2021-01-07T19:41:35","slug":"samsung-970-evo-plus-m-2-500-gb-pci-express-3-0-v-nand-mlc-nvme","status":"publish","type":"product","link":"http:\/\/test.s385-fair4host.http-s.de\/index.php\/produkt\/samsung-970-evo-plus-m-2-500-gb-pci-express-3-0-v-nand-mlc-nvme\/","title":{"rendered":"Samsung 970 EVO Plus M.2 500 GB PCI Express 3.0 V-NAND MLC NVMe"},"content":{"rendered":"<p><b>Eine herausragende SSD<\/b><br \/>So wird hohe Leistung noch gesteigert. Die mit modernster V-NAND-Technologie ausgestattete 970 EVO Plus ist noch schneller als die 970 EVO und verf\u00fcgt zudem \u00fcber eine Firmware-Optimierung. Damit reizt sie das Potential der PCIe-Schnittstelle und des NVMe Protokolls f\u00fcr noch schnellere Zugriffszeiten voll aus. Bei einer Speicherkapazit\u00e4t von 2 TB betr\u00e4gt die spezifizierte Gesamtschreibdatenmenge (TBW = Total Bytes Written) 1.200 TB TBW.<\/p>\n<p><b>Leistung auf dem n\u00e4chsten Level<\/b><br \/>Mit bis zu 3.500 MB\/s1 Lese- und bis zu 3.300 MB\/s2 Schreibgeschwindigkeit ist die 970 EVO Plus bis zu 53%3 schneller als das Vorg\u00e4ngermodell 970 EVO. Die neueste Generation der V-NAND-Technologie sorgt f\u00fcr eine herausragende Leistung und verbesserte Energieeffizienz. Zus\u00e4tzlich zeichnet sich die 970 EVO Plus durch optimierte Firmware, den bew\u00e4hrten Phoenix-Controller sowie die Intelligent TurboWrite-Technologie f\u00fcr die Beschleunigung von Schreibvorg\u00e4ngen aus.<\/p>\n<p><b>Flexibilit\u00e4t durch gutes Produktdesign<\/b><br \/>Die 970 EVO Plus zeigt die Weiterentwicklung im Bereich der NVMe-SSDs. Neben einer hohen Performance bietet sie eine Speicherkapazit\u00e4t von bis zu 2 TB Speicherkapazit\u00e4t im kompakten M.2-Formfaktor (2280). Sie bietet damit viel Speicherplatz bei geringen Abmessungen und spart damit wertvollen Platz f\u00fcr andere Komponenten. Innovative Samsung-Technologien erm\u00f6glichen es Ihnen damit, den Freiraum zu haben, den sie ben\u00f6tigen um viel zu erreichen und noch mehr zu bewerkstelligen.<\/p>\n<p><b>Unbedingte Zuverl\u00e4ssigkeit<\/b><br \/>Haben Sie noch mehr Vertrauen. Der bew\u00e4hrte Samsung Phoenix-Controller ist mit einer Schicht aus Nickel \u00fcberzogen und das Laufwerksmodul der 970 EVO Plus mit einem d\u00fcnnen Heat Spreader versehen, so dass die entstehende W\u00e4rme im Betrieb effektiv abgef\u00fchrt wird. Dar\u00fcber hinaus wacht die Dynamic Thermal Guard-Funktion st\u00e4ndig \u00fcber das Laufwerk, so dass optimale Betriebstemperaturen eingehalten werden und die Performance konstant gehalten werden kann.<\/p>\n<p><b>Samsung Magician<\/b><br \/>So wird die Laufwerksverwaltung zum Kinderspiel. Die kostenlose Samsung Magician-Software hilft Ihnen dabei, immer ein Auge auf Ihre SSD zu haben. Die benutzerfreundliche Software-L\u00f6sung h\u00e4lt das Laufwerk mit Updates immer auf dem neuesten Stand, \u00fcberwacht Statusparameter und optimiert f\u00fcr Sie die Leistungsf\u00e4higkeit.<\/p>\n","protected":false},"excerpt":{"rendered":"<p>500GB, M.2, PCIe Gen 3.0 x 4, NVMe 1.3<\/p>\n","protected":false},"featured_media":20006364,"comment_status":"open","ping_status":"closed","template":"","meta":{"spay_email":""},"_links":{"self":[{"href":"http:\/\/test.s385-fair4host.http-s.de\/index.php\/wp-json\/wp\/v2\/product\/20006363"}],"collection":[{"href":"http:\/\/test.s385-fair4host.http-s.de\/index.php\/wp-json\/wp\/v2\/product"}],"about":[{"href":"http:\/\/test.s385-fair4host.http-s.de\/index.php\/wp-json\/wp\/v2\/types\/product"}],"replies":[{"embeddable":true,"href":"http:\/\/test.s385-fair4host.http-s.de\/index.php\/wp-json\/wp\/v2\/comments?post=20006363"}],"wp:featuredmedia":[{"embeddable":true,"href":"http:\/\/test.s385-fair4host.http-s.de\/index.php\/wp-json\/wp\/v2\/media\/20006364"}],"wp:attachment":[{"href":"http:\/\/test.s385-fair4host.http-s.de\/index.php\/wp-json\/wp\/v2\/media?parent=20006363"}],"curies":[{"name":"wp","href":"https:\/\/api.w.org\/{rel}","templated":true}]}}