{"id":20006354,"date":"2021-01-07T20:41:28","date_gmt":"2021-01-07T19:41:28","guid":{"rendered":"http:\/\/test.s385-fair4host.http-s.de\/index.php\/produkt\/avm-fritzpowerline-1260e-wlan-set-1200-mbit-s-eingebauter-ethernet-anschluss-weiss\/"},"modified":"2021-01-07T20:41:28","modified_gmt":"2021-01-07T19:41:28","slug":"avm-fritzpowerline-1260e-wlan-set-1200-mbit-s-eingebauter-ethernet-anschluss-weiss","status":"publish","type":"product","link":"http:\/\/test.s385-fair4host.http-s.de\/index.php\/produkt\/avm-fritzpowerline-1260e-wlan-set-1200-mbit-s-eingebauter-ethernet-anschluss-weiss\/","title":{"rendered":"AVM FRITZ!Powerline 1260E WLAN Set 1200 Mbit\/s Eingebauter Ethernet-Anschluss Wei\u00df"},"content":{"rendered":"<p><b>Perfekte Kombi aus Powerline und WLAN<\/b><br \/>Verbinden Sie mit FRITZ!Powerline 1260E alle netzwerkf\u00e4higen Ger\u00e4te im Heimnetz. Dabei haben Sie die volle Flexibilit\u00e4t, da sowohl Powerline \u00fcber die Stromleitung als auch WLAN f\u00fcr den Datentransport mit Gigabit-Geschwindigkeit f\u00fcr Smartphone und Co zur Verf\u00fcgung stehen.<\/p>\n<p><b>FRITZ!Powerline 1260E WLAN Set<br \/>FRITZ!Powerline 1260E<\/b><br \/>Einfache Vernetzung \u00fcber die Steckdose<br \/>Kein Verlegen zus\u00e4tzlicher Kabel notwendig<br \/>Neuester Powerline-Standard mit bis zu 1.200 MBit\/s<br \/>Erweitert das WLAN der FRITZ!Box \u00fcber Powerline<br \/>WLAN N mit bis zu 400 MBit\/s und WLAN AC mit bis zu 866 MBit\/s<br \/>Mit Gigabit-LAN-Anschluss<br \/>Erh\u00e4ltlich als Einzeladapter oder im Set mit FRITZ!Powerline 1220E<\/p>\n<p><b>FRITZ!Powerline 1260E WLAN Set:<\/b><br \/>&#8211; FRITZ!Powerline 1260E<br \/>&#8211; FRITZ!Powerline 1220E<br \/>&#8211; 2 x 1,80 m langes Netzwerkkabel<br \/>&#8211; Installationsanleitung<\/p>\n","protected":false},"excerpt":{"rendered":"<p>FRITZ!Powerline 1260E WLAN Set, 1200 Mbit\/s, 1 x Gigabit LAN, Wi-Fi, 230 V, 50 Hz<\/p>\n","protected":false},"featured_media":20006355,"comment_status":"open","ping_status":"closed","template":"","meta":{"spay_email":""},"_links":{"self":[{"href":"http:\/\/test.s385-fair4host.http-s.de\/index.php\/wp-json\/wp\/v2\/product\/20006354"}],"collection":[{"href":"http:\/\/test.s385-fair4host.http-s.de\/index.php\/wp-json\/wp\/v2\/product"}],"about":[{"href":"http:\/\/test.s385-fair4host.http-s.de\/index.php\/wp-json\/wp\/v2\/types\/product"}],"replies":[{"embeddable":true,"href":"http:\/\/test.s385-fair4host.http-s.de\/index.php\/wp-json\/wp\/v2\/comments?post=20006354"}],"wp:featuredmedia":[{"embeddable":true,"href":"http:\/\/test.s385-fair4host.http-s.de\/index.php\/wp-json\/wp\/v2\/media\/20006355"}],"wp:attachment":[{"href":"http:\/\/test.s385-fair4host.http-s.de\/index.php\/wp-json\/wp\/v2\/media?parent=20006354"}],"curies":[{"name":"wp","href":"https:\/\/api.w.org\/{rel}","templated":true}]}}