{"id":20006341,"date":"2021-01-07T20:41:18","date_gmt":"2021-01-07T19:41:18","guid":{"rendered":"http:\/\/test.s385-fair4host.http-s.de\/index.php\/produkt\/brother-bu-223cl-guertel-1-stuecke\/"},"modified":"2021-01-07T20:41:18","modified_gmt":"2021-01-07T19:41:18","slug":"brother-bu-223cl-guertel-1-stuecke","status":"publish","type":"product","link":"http:\/\/test.s385-fair4host.http-s.de\/index.php\/produkt\/brother-bu-223cl-guertel-1-stuecke\/","title":{"rendered":"Brother BU-223CL G\u00fcrtel 1 St\u00fcck(e)"},"content":{"rendered":"<p>Die Original Brother BU-223CL Transfereinheit und die Brother Drucker wurden aufeinander so abgestimmt, dass beste Ergebnisse erzielt werden. Die Transfereinheit ist leicht zu installieren. Profitieren Sie von langlebigen und hochwertigen Ausdrucken.<\/p>\n<p>Mit der BU-223CL Transfereinheit m\u00fcssen Sie in punkto Qualit\u00e4t keine Kompromisse eingehen. Die Original Transfereinheit wurde f\u00fcr Ihren Drucker entwickelt und tr\u00e4gt dazu bei, dass Sie stets zuverl\u00e4ssig hervorragende Druckergebnisse erhalten.<\/p>\n<p>Die Original Brother Transfereinheit sorgt daf\u00fcr, dass der Toner in Ihrem Laserdrucker ordnungsgem\u00e4\u00df \u00fcbertragen wird, sodass Text und Bilder korrekt und gestochen scharf auf Ihrem gedruckten Dokument wiedergegeben werden. Dank einer Lebensdauer von 50.000 Seiten erhalten Sie somit durchg\u00e4ngig qualitativ hochwertige Ausdrucke.<\/p>\n","protected":false},"excerpt":{"rendered":"<p>Original BU-223CL Transfereinheit f\u00fcr 50.000 Seiten<\/p>\n","protected":false},"featured_media":0,"comment_status":"open","ping_status":"closed","template":"","meta":{"spay_email":""},"_links":{"self":[{"href":"http:\/\/test.s385-fair4host.http-s.de\/index.php\/wp-json\/wp\/v2\/product\/20006341"}],"collection":[{"href":"http:\/\/test.s385-fair4host.http-s.de\/index.php\/wp-json\/wp\/v2\/product"}],"about":[{"href":"http:\/\/test.s385-fair4host.http-s.de\/index.php\/wp-json\/wp\/v2\/types\/product"}],"replies":[{"embeddable":true,"href":"http:\/\/test.s385-fair4host.http-s.de\/index.php\/wp-json\/wp\/v2\/comments?post=20006341"}],"wp:attachment":[{"href":"http:\/\/test.s385-fair4host.http-s.de\/index.php\/wp-json\/wp\/v2\/media?parent=20006341"}],"curies":[{"name":"wp","href":"https:\/\/api.w.org\/{rel}","templated":true}]}}