{"id":20006264,"date":"2021-01-07T20:40:14","date_gmt":"2021-01-07T19:40:14","guid":{"rendered":"http:\/\/test.s385-fair4host.http-s.de\/index.php\/produkt\/brother-dcp-1612w-multifunktionsgeraet-laser-a4-2400-x-600-dpi-20-seiten-pro-minute-wlan\/"},"modified":"2021-01-07T20:40:14","modified_gmt":"2021-01-07T19:40:14","slug":"brother-dcp-1612w-multifunktionsgeraet-laser-a4-2400-x-600-dpi-20-seiten-pro-minute-wlan","status":"publish","type":"product","link":"http:\/\/test.s385-fair4host.http-s.de\/index.php\/produkt\/brother-dcp-1612w-multifunktionsgeraet-laser-a4-2400-x-600-dpi-20-seiten-pro-minute-wlan\/","title":{"rendered":"Brother DCP-1612W Multifunktionsger\u00e4t Laser A4 2400 x 600 DPI 20 Seiten pro Minute WLAN"},"content":{"rendered":"<p><b>Kompakt und leicht<\/b><br \/>Dank des modernen Ger\u00e4tedesigns passt der DCP-1612W selbst an kleinste Arbeitspl\u00e4tze. Die kompakte und leichte Bauweise l\u00e4sst Raum f\u00fcr wichtige Dinge. Damit ist das Ger\u00e4t der ideale Begleiter f\u00fcr den privaten Bereich und das Home-Office.<\/p>\n<p><b>Energiesparend<\/b><br \/>Der DCP-1612W ben\u00f6tigt w\u00e4hrend des Druckvorgangs nur geringe 380 Watt. Nach dem Druck durchl\u00e4uft das Ger\u00e4t verschiedene Energiesparmodi. Je l\u00e4nger das Modell nicht genutzt wird, umso weniger Energie wird ben\u00f6tigt. Damit wird ein geringer Stromverbrauch gew\u00e4hrleistet. Die besondere Energieeffizienz wurde durch die Zertifizierung mit dem Energy Star ausgezeichnet.<\/p>\n<p><b>Hohe Druckqualit\u00e4t \u2013 und schnelle Ergebnisse<\/b><br \/>Sie werden es sch\u00e4tzen, mit bis zu 20 Seiten\/Min. drucken zu k\u00f6nnen und den ersten Ausdruck schon nach weniger als 10 Sekunden in der Hand zu halten. Dank seiner hohen Druckaufl\u00f6sung liefert der Brother DCP-1612W hervorragende Ergebnisse: Texte in klarer, scharfer Qualit\u00e4t und eine exakte Wiedergabe feinster Details.<\/p>\n<p><b>Getrenntes Toner\/Trommel-System<\/b><br \/>Der DCP-1612W ist mit einem getrennt austauschbaren Toner\/Trommel-System ausgestattet. Damit m\u00fcssen nur die Verbrauchsmaterial-Komponente ausgetauscht werden, die auch tats\u00e4chlich verbraucht wurde. Dies schon die Umwelt und den Geldbeutel zugleich.<\/p>\n<p>&#8211; Bis zu 20 Seiten\/Minute Druckgeschwindigkeit<br \/>&#8211; Bis zu 2.400 x 600 dpi Druckaufl\u00f6sung (HQ1200)<br \/>&#8211; 802.11 b\/g\/n (WLAN), USB 2.0 Hi-Speed Schnittstelle<br \/>&#8211; Zweizeilige LCD-Anzeige<br \/>&#8211; 150 Blatt Papierzufuhr<br \/>&#8211; Scan-to-E-Mail\/Bild\/Datei\/PDF\/SharePoint.<\/p>\n","protected":false},"excerpt":{"rendered":"<p>DCP-1612W &#8211; Print\/Copy\/Scan, A4, 20ppm, 2400&#215;600 dpi, USB 2.0, GDI, 32MB, 7.2 kg<\/p>\n","protected":false},"featured_media":20006265,"comment_status":"open","ping_status":"closed","template":"","meta":{"spay_email":""},"_links":{"self":[{"href":"http:\/\/test.s385-fair4host.http-s.de\/index.php\/wp-json\/wp\/v2\/product\/20006264"}],"collection":[{"href":"http:\/\/test.s385-fair4host.http-s.de\/index.php\/wp-json\/wp\/v2\/product"}],"about":[{"href":"http:\/\/test.s385-fair4host.http-s.de\/index.php\/wp-json\/wp\/v2\/types\/product"}],"replies":[{"embeddable":true,"href":"http:\/\/test.s385-fair4host.http-s.de\/index.php\/wp-json\/wp\/v2\/comments?post=20006264"}],"wp:featuredmedia":[{"embeddable":true,"href":"http:\/\/test.s385-fair4host.http-s.de\/index.php\/wp-json\/wp\/v2\/media\/20006265"}],"wp:attachment":[{"href":"http:\/\/test.s385-fair4host.http-s.de\/index.php\/wp-json\/wp\/v2\/media?parent=20006264"}],"curies":[{"name":"wp","href":"https:\/\/api.w.org\/{rel}","templated":true}]}}