{"id":20006254,"date":"2021-01-07T20:39:58","date_gmt":"2021-01-07T19:39:58","guid":{"rendered":"http:\/\/test.s385-fair4host.http-s.de\/index.php\/produkt\/brother-tn-2320-tonerkartusche-1-stuecke-original-schwarz\/"},"modified":"2021-01-07T20:39:58","modified_gmt":"2021-01-07T19:39:58","slug":"brother-tn-2320-tonerkartusche-1-stuecke-original-schwarz","status":"publish","type":"product","link":"http:\/\/test.s385-fair4host.http-s.de\/index.php\/produkt\/brother-tn-2320-tonerkartusche-1-stuecke-original-schwarz\/","title":{"rendered":"Brother TN-2320 Tonerkartusche 1 St\u00fcck(e) Original Schwarz"},"content":{"rendered":"<p>TN-2320 Original Brother Toner ist speziell abgestimmt auf jede Komponente Ihres Ger\u00e4tes, f\u00fcr perfekte Ausdrucke und minimalen Verschlei\u00df des Ger\u00e4tes. Jeder Toner wird ausgiebig getestet, um dem Anwender genau die Qualit\u00e4t und Leistung zur Verf\u00fcgung zu stellen, die er auch erwartet.<\/p>\n<p>Diese Tonerkassette ist kompatibel mit folgenden Ger\u00e4ten: HL-L2300D, HL-L2340DW, HL-L2360DN, HL-L2365DW, DCP-L2500D, DCP-L2520DW, DCP-L2540DN, DCP-L2560DW, MFC-L2700DN, MFC-L2700DW, MFC-L2720DW, MFC-L2740DW und hat eine Reichweite von 2.600 Seiten, gem\u00e4\u00df ISO\/IEC 19752.<\/p>\n","protected":false},"excerpt":{"rendered":"<p>Tonerkassette TN-2320<\/p>\n","protected":false},"featured_media":20006255,"comment_status":"open","ping_status":"closed","template":"","meta":{"spay_email":""},"_links":{"self":[{"href":"http:\/\/test.s385-fair4host.http-s.de\/index.php\/wp-json\/wp\/v2\/product\/20006254"}],"collection":[{"href":"http:\/\/test.s385-fair4host.http-s.de\/index.php\/wp-json\/wp\/v2\/product"}],"about":[{"href":"http:\/\/test.s385-fair4host.http-s.de\/index.php\/wp-json\/wp\/v2\/types\/product"}],"replies":[{"embeddable":true,"href":"http:\/\/test.s385-fair4host.http-s.de\/index.php\/wp-json\/wp\/v2\/comments?post=20006254"}],"wp:featuredmedia":[{"embeddable":true,"href":"http:\/\/test.s385-fair4host.http-s.de\/index.php\/wp-json\/wp\/v2\/media\/20006255"}],"wp:attachment":[{"href":"http:\/\/test.s385-fair4host.http-s.de\/index.php\/wp-json\/wp\/v2\/media?parent=20006254"}],"curies":[{"name":"wp","href":"https:\/\/api.w.org\/{rel}","templated":true}]}}