{"id":20006226,"date":"2021-01-07T20:39:27","date_gmt":"2021-01-07T19:39:27","guid":{"rendered":"http:\/\/test.s385-fair4host.http-s.de\/index.php\/produkt\/hp-250-g7-notebook-396-cm-15-6-zoll-1920-x-1080-pixel-intel-core-i3-prozessoren-der-10-generation-8-gb-ddr4-sdram-256-gb-ssd-wi-fi-6-802-11ax-windows-10-pro-schwarz-silber\/"},"modified":"2021-01-07T20:39:27","modified_gmt":"2021-01-07T19:39:27","slug":"hp-250-g7-notebook-396-cm-15-6-zoll-1920-x-1080-pixel-intel-core-i3-prozessoren-der-10-generation-8-gb-ddr4-sdram-256-gb-ssd-wi-fi-6-802-11ax-windows-10-pro-schwarz-silber","status":"publish","type":"product","link":"http:\/\/test.s385-fair4host.http-s.de\/index.php\/produkt\/hp-250-g7-notebook-396-cm-15-6-zoll-1920-x-1080-pixel-intel-core-i3-prozessoren-der-10-generation-8-gb-ddr4-sdram-256-gb-ssd-wi-fi-6-802-11ax-windows-10-pro-schwarz-silber\/","title":{"rendered":"HP 250 G7 Notebook 39,6 cm (15.6 Zoll) 1920 x 1080 Pixel Intel\u00ae Core\u2122 i3 Prozessoren der 10. Generation 8 GB DDR4-SDRAM 256 GB SSD Wi-Fi 6 (802.11ax) Windows 10 Pro Schwarz, Silber"},"content":{"rendered":"<p><b>Attraktiver Preis. Business-tauglich.<\/b><br \/>Seien Sie jederzeit kommunikationsbereit \u2013 mit diesem kosteng\u00fcnstigen HP 250 Laptop-PC, der die neueste Technologie f\u00fcr Sie bereitstellt, sicher gesch\u00fctzt in einem robusten Geh\u00e4use. F\u00fcr Ihre gesch\u00e4ftlichen Aufgaben sind ein Intel\u00ae Prozessor<sup>[2]<\/sup> und starke Tools f\u00fcr effektive Teamwork mit an Bord.<\/p>\n","protected":false},"excerpt":{"rendered":"<p>Intel Core i3-1005G1 (4MB Cache, 1.2GHz), 8GB DDR4-SDRAM, 256GB SSD, 39.6 cm (15.6&#8243;) Full HD 1920 x 1080 SVA, DVD\u00b1RW, Intel UHD Graphics, LAN, WLAN, Webcam, Windows 10 Pro 64-bit<\/p>\n","protected":false},"featured_media":20006227,"comment_status":"open","ping_status":"closed","template":"","meta":{"spay_email":""},"_links":{"self":[{"href":"http:\/\/test.s385-fair4host.http-s.de\/index.php\/wp-json\/wp\/v2\/product\/20006226"}],"collection":[{"href":"http:\/\/test.s385-fair4host.http-s.de\/index.php\/wp-json\/wp\/v2\/product"}],"about":[{"href":"http:\/\/test.s385-fair4host.http-s.de\/index.php\/wp-json\/wp\/v2\/types\/product"}],"replies":[{"embeddable":true,"href":"http:\/\/test.s385-fair4host.http-s.de\/index.php\/wp-json\/wp\/v2\/comments?post=20006226"}],"wp:featuredmedia":[{"embeddable":true,"href":"http:\/\/test.s385-fair4host.http-s.de\/index.php\/wp-json\/wp\/v2\/media\/20006227"}],"wp:attachment":[{"href":"http:\/\/test.s385-fair4host.http-s.de\/index.php\/wp-json\/wp\/v2\/media?parent=20006226"}],"curies":[{"name":"wp","href":"https:\/\/api.w.org\/{rel}","templated":true}]}}