{"id":20006216,"date":"2021-01-07T20:39:07","date_gmt":"2021-01-07T19:39:07","guid":{"rendered":"http:\/\/test.s385-fair4host.http-s.de\/index.php\/produkt\/hp-eliteone-1000-g2-686-cm-27-zoll-3840-x-2160-pixel-intel-core-i7-der-achten-generation-16-gb-ddr4-sdram-512-gb-ssd-windows-10-pro-all-in-one-pc-schwarz\/"},"modified":"2021-01-07T20:39:07","modified_gmt":"2021-01-07T19:39:07","slug":"hp-eliteone-1000-g2-686-cm-27-zoll-3840-x-2160-pixel-intel-core-i7-der-achten-generation-16-gb-ddr4-sdram-512-gb-ssd-windows-10-pro-all-in-one-pc-schwarz","status":"publish","type":"product","link":"http:\/\/test.s385-fair4host.http-s.de\/index.php\/produkt\/hp-eliteone-1000-g2-686-cm-27-zoll-3840-x-2160-pixel-intel-core-i7-der-achten-generation-16-gb-ddr4-sdram-512-gb-ssd-windows-10-pro-all-in-one-pc-schwarz\/","title":{"rendered":"HP EliteOne 1000 G2 68,6 cm (27 Zoll) 3840 x 2160 Pixel Intel\u00ae Core\u2122 i7 der achten Generation 16 GB DDR4-SDRAM 512 GB SSD Windows 10 Pro All-in-One-PC Schwarz"},"content":{"rendered":"<p><b>Die Videokonferenzen der Zukunft jetzt an Ihrem Schreibtisch.<\/b><br \/>Meetings werden lebendig durch eine Auswahl an AiO-Monitoren, die Ihren Arbeitsplatz in eine Videokonferenzl\u00f6sung mit Funktionen f\u00fcr immersives Video und Audio, kapazitiven Touch-Bedienelementen und einer integrierten Pop-up-Privatsph\u00e4re-Kamera verwandeln.<\/p>\n","protected":false},"excerpt":{"rendered":"<p>Intel Core i7-8700 (12MB Cache, 3.2GHz), 16GB DDR4-SDRAM, 512GB SSD, 68.6 cm (27&#8243;) 4K Ultra HD 3840 x 2160 IPS, Intel UHD Graphics 630, LAN, WLAN, Bluetooth, HP Webcam, Windows 10 Pro 64-bit<\/p>\n","protected":false},"featured_media":20006217,"comment_status":"open","ping_status":"closed","template":"","meta":{"spay_email":""},"_links":{"self":[{"href":"http:\/\/test.s385-fair4host.http-s.de\/index.php\/wp-json\/wp\/v2\/product\/20006216"}],"collection":[{"href":"http:\/\/test.s385-fair4host.http-s.de\/index.php\/wp-json\/wp\/v2\/product"}],"about":[{"href":"http:\/\/test.s385-fair4host.http-s.de\/index.php\/wp-json\/wp\/v2\/types\/product"}],"replies":[{"embeddable":true,"href":"http:\/\/test.s385-fair4host.http-s.de\/index.php\/wp-json\/wp\/v2\/comments?post=20006216"}],"wp:featuredmedia":[{"embeddable":true,"href":"http:\/\/test.s385-fair4host.http-s.de\/index.php\/wp-json\/wp\/v2\/media\/20006217"}],"wp:attachment":[{"href":"http:\/\/test.s385-fair4host.http-s.de\/index.php\/wp-json\/wp\/v2\/media?parent=20006216"}],"curies":[{"name":"wp","href":"https:\/\/api.w.org\/{rel}","templated":true}]}}