{"id":20006198,"date":"2021-01-07T20:38:43","date_gmt":"2021-01-07T19:38:43","guid":{"rendered":"http:\/\/test.s385-fair4host.http-s.de\/index.php\/produkt\/seagate-barracuda-st2000dm008-interne-festplatte-3-5-zoll-2000-gb-serial-ata-iii\/"},"modified":"2021-01-07T20:38:43","modified_gmt":"2021-01-07T19:38:43","slug":"seagate-barracuda-st2000dm008-interne-festplatte-3-5-zoll-2000-gb-serial-ata-iii","status":"publish","type":"product","link":"http:\/\/test.s385-fair4host.http-s.de\/index.php\/produkt\/seagate-barracuda-st2000dm008-interne-festplatte-3-5-zoll-2000-gb-serial-ata-iii\/","title":{"rendered":"Seagate Barracuda ST2000DM008 Interne Festplatte 3.5 Zoll 2000 GB Serial ATA III"},"content":{"rendered":"<p><b>Kapazit\u00e4t von HDDs. Leistung von SSDs.<\/b><br \/>Dank Intel Optane Memory, einer revolution\u00e4ren Klasse von nichtfl\u00fcchtigen Speichern, bieten BarraCuda-Festplatten s\u00e4mtliche Vorteile.<br \/>&#8211; Leistung und Reaktionsgeschwindigkeit von Halbleiterfestplatten<br \/>&#8211; Enorme Speicherkapazit\u00e4t<br \/>&#8211; Doppelte Geschwindigkeit beim Starten und Laden von Anwendungen im Vergleich zu herk\u00f6mmlichen Festplatten<br \/>&#8211; Preisg\u00fcnstigkeit ohne Kompromisse<\/p>\n<p><b>Vielseitig. Schnell. Zuverl\u00e4ssig.<\/b><br \/>Die BarraCuda bietet die branchenweit h\u00f6chste Speicherkapazit\u00e4t f\u00fcr Desktop- und mobile Computer. Mit Festplatten mit bis zu 12 TB Speicherkapazit\u00e4t bietet das BarraCuda-Portfolio eine gro\u00dfartige Option f\u00fcr g\u00fcnstige Aufr\u00fcstungen. Die kompromisslose BarraCuda Pro vereint f\u00fchrende Speicherkapazit\u00e4t mit einer Spindelgeschwindigkeit von 7.200 U\/min f\u00fcr flotte Leistung und kurze Ladezeiten in Spielen oder bei starker Auslastung. Die BarraCuda Pro ist au\u00dferdem mit einer eingeschr\u00e4nkten 5-Jahres-Garantie erh\u00e4ltlich.<\/p>\n<p><b>Perfekte Leistung mit der 3,5-Zoll-Festplatte BarraCuda!<\/b><br \/>Solide Zuverl\u00e4ssigkeit, die auf \u00fcber 20 Jahren Innovation beruht. Vielseitige Mischung aus hoher Speicherkapazit\u00e4t und g\u00fcnstigem Preis f\u00fcr jedes Budget. Multi-Tier Caching Technology sorgt f\u00fcr hervorragende Festplattenleistung.<\/p>\n<p><b>Multi-Tier-Caching-Technologie<\/b><br \/>Alle Festplatten der BarraCuda-Produktfamilie sind mit Multi-Tier Caching (MTC) ausgestattet. Mit MTC kann Ihr PC neue Leistungsh\u00f6hen erklimmen, damit Sie Anwendungen und Dateien schneller denn je laden k\u00f6nnen. Dank intelligenter NAND-Flash-Ebenen, DRAM und Medien-Cache-Technologien bietet BarraCuda eine verbesserte Lese- und Schreibleistung, und zwar durch Optimierung des Datenflusses.<\/p>\n<p><b>BarraCuda Pro wird einschlie\u00dflich Rescue Plan zur Datenwiederherstellung geliefert.<\/b><br \/>Ihre Daten sind wichtig. Und Sie verlassen sich darauf. Rescue Pl\u00e4ne zur Datenwiederherstellung bieten Sicherheit sowohl f\u00fcr Kreativprofis als auch f\u00fcr Anwender mit hohem Leistungsanspruch. Deshalb werden sie jetzt standardm\u00e4\u00dfig mit der BarraCuda Pro geliefert. Ob bei einem mechanischen Problem oder einem versehentlichen Schaden an Ihrer Festplatte, Seagate ist f\u00fcr Sie da. Mit einem Rescue Plan zur Datenwiederherstellung erhalten Sie Zugang zu hochkompetenten Datenwiederherstellungsexperten und profitieren von einer 95%igen Kundenzufriedenheitsrate. Erwerben Sie die Festplatte BarraCuda Pro und seien Sie sicher, dass Sie sich \u00fcber Ihre Daten auf der Festplatte zwei Jahre lang keine Gedanken machen m\u00fcssen.<\/p>\n<p><b>Bew\u00e4hrte Zuverl\u00e4ssigkeit<\/b><br \/>Die zuverl\u00e4ssige BarraCuda-Festplattenfamilie wird sich durchsetzen und uns noch viele Jahre erfreuen.<\/p>\n<p>Erfahrung \u2013 Seit mehr als 20 Jahren wird die \u00e4u\u00dferst zuverl\u00e4ssige BarraCuda-Festplattenfamilie von Seagate hergestellt und ausgeliefert. BarraCuda \u2013 Seagates Reputation in puncto Zuverl\u00e4ssigkeit bei Festplatten spricht f\u00fcr sich und die BarraCuda-Familie wird oft von f\u00fchrenden Publikationen und Kunden lobend erw\u00e4hnt. Weniger Bedenken bei einer Festplatte, auf die Sie sich verlassen k\u00f6nnen \u2013 die BarraCuda Pro verf\u00fcgt \u00fcber eine beschr\u00e4nkte Garantie f\u00fcr 5 Jahre.<\/p>\n","protected":false},"excerpt":{"rendered":"<p>2 TB, 256MB cache,SATA III, 3.5&#8243;, 20.17&#215;101.6&#215;147 mm, 415 g<\/p>\n","protected":false},"featured_media":20006199,"comment_status":"open","ping_status":"closed","template":"","meta":{"spay_email":""},"_links":{"self":[{"href":"http:\/\/test.s385-fair4host.http-s.de\/index.php\/wp-json\/wp\/v2\/product\/20006198"}],"collection":[{"href":"http:\/\/test.s385-fair4host.http-s.de\/index.php\/wp-json\/wp\/v2\/product"}],"about":[{"href":"http:\/\/test.s385-fair4host.http-s.de\/index.php\/wp-json\/wp\/v2\/types\/product"}],"replies":[{"embeddable":true,"href":"http:\/\/test.s385-fair4host.http-s.de\/index.php\/wp-json\/wp\/v2\/comments?post=20006198"}],"wp:featuredmedia":[{"embeddable":true,"href":"http:\/\/test.s385-fair4host.http-s.de\/index.php\/wp-json\/wp\/v2\/media\/20006199"}],"wp:attachment":[{"href":"http:\/\/test.s385-fair4host.http-s.de\/index.php\/wp-json\/wp\/v2\/media?parent=20006198"}],"curies":[{"name":"wp","href":"https:\/\/api.w.org\/{rel}","templated":true}]}}