{"id":20006186,"date":"2021-01-07T20:38:35","date_gmt":"2021-01-07T19:38:35","guid":{"rendered":"http:\/\/test.s385-fair4host.http-s.de\/index.php\/produkt\/seagate-barracuda-st1000dm010-interne-festplatte-3-5-zoll-1000-gb-serial-ata-iii\/"},"modified":"2021-01-07T20:38:35","modified_gmt":"2021-01-07T19:38:35","slug":"seagate-barracuda-st1000dm010-interne-festplatte-3-5-zoll-1000-gb-serial-ata-iii","status":"publish","type":"product","link":"http:\/\/test.s385-fair4host.http-s.de\/index.php\/produkt\/seagate-barracuda-st1000dm010-interne-festplatte-3-5-zoll-1000-gb-serial-ata-iii\/","title":{"rendered":"Seagate Barracuda ST1000DM010 Interne Festplatte 3.5 Zoll 1000 GB Serial ATA III"},"content":{"rendered":"<p><b>Vielseitig, schnell und zuverl\u00e4ssig<\/b><br \/>Die BarraCuda bietet die branchenweit h\u00f6chste Speicherkapazit\u00e4t f\u00fcr Desktop- und mobile Computer. Mit Festplatten mit bis zu 10 TB Speicherkapazit\u00e4t ist das BarraCuda-Portfolio eine gro\u00dfartige Option f\u00fcr g\u00fcnstige Aufr\u00fcstungen. Die kompromisslose BarraCuda Pro vereint f\u00fchrende Speicherkapazit\u00e4t mit einer Spindelgeschwindigkeit von 7.200 U\/min f\u00fcr flotte Leistung und kurze Ladezeiten in Spielen oder bei starker Auslastung. Die BarraCuda Pro ist au\u00dferdem mit einer 5-Jahres-Garantie erh\u00e4ltlich.<\/p>\n<p><b>Unglaubliche Vielseitigkeit<\/b><br \/>Mit BarraCuda-Festplatten holen Sie das Optimum aus Ihrem Speicher heraus. Ob Computer voller Fotos und Erinnerungen oder Gaming-PCs, die mehr Platz f\u00fcr Spiele ben\u00f6tigen \u2013 BarraCuda w\u00e4chst mit Ihnen.<\/p>\n<p><b>Perfekte Leistung mit der 2,5-Zoll-Festplatte BarraCuda!<\/b><br \/>In dem schlanken 7-mm-Formfaktor stecken hohe Kapazit\u00e4tsoptionen bis 2 TB \u2013 genug Platz f\u00fcr die Dateien, die Sie f\u00fcr die Arbeit ben\u00f6tigen oder privat nutzen. Die Multi-Tier Caching\u2122-Technologie erm\u00f6glicht eine flotte Leistung. Das beste Kosten-je-TB- und Kosten-je-mm-Verh\u00e4ltnis f\u00fcr g\u00fcnstige Upgrades Ihres mobilen PCs oder Laptops.<\/p>\n<p><b>Perfekte Leistung mit der 3,5-Zoll-Festplatte BarraCuda!<\/b><br \/>Solide Zuverl\u00e4ssigkeit, die auf \u00fcber 20 Jahren Innovation beruht. Vielseitige Mischung aus hoher Speicherkapazit\u00e4t und g\u00fcnstigem Preis f\u00fcr jedes Budget. Multi-Tier Caching-Technologie f\u00fcr hervorragende Festplattenleistung.<\/p>\n<p><b>Wir pr\u00e4sentieren die brandneue 3,5-Zoll-Festplatte BarraCuda Pro!<\/b><br \/>Mit 7.200 U\/min ist die BarraCuda Pro die schnellste Desktop-Festplatte mit 10 TB auf dem Markt. Der gro\u00dfe Cache-Speicher sowie die Multi-Tier Caching-Technologie lassen Ihren PC neue Leistungsh\u00f6hen erklimmen, damit Sie Anwendungen und Dateien noch schneller laden k\u00f6nnen. Au\u00dferdem ist die BarraCuda Pro durch eine beschr\u00e4nkte 5-Jahres-Garantie abgedeckt.<\/p>\n<p><b>Bew\u00e4hrte Zuverl\u00e4ssigkeit<\/b><br \/>Die zuverl\u00e4ssige BarraCuda-Festplattenfamilie wird sich durchsetzen und uns noch viele Jahre erfreuen.<\/p>\n<p>&#8211; Erfahrung \u2013 Seit mehr als 20 Jahren wird die \u00e4u\u00dferst zuverl\u00e4ssige BarraCuda-Festplattenfamilie von Seagate hergestellt und ausgeliefert.<br \/>&#8211; BarraCuda \u2013 Seagates Reputation in puncto Zuverl\u00e4ssigkeit bei Festplatten spricht f\u00fcr sich und die BarraCuda-Familie wird oft von f\u00fchrenden Publikationen und Kunden lobend erw\u00e4hnt.<\/p>\n","protected":false},"excerpt":{"rendered":"<p>1TB SATAIII, 3.5&#8220;, 7200 RPM, 64MB cache<\/p>\n","protected":false},"featured_media":20006187,"comment_status":"open","ping_status":"closed","template":"","meta":{"spay_email":""},"_links":{"self":[{"href":"http:\/\/test.s385-fair4host.http-s.de\/index.php\/wp-json\/wp\/v2\/product\/20006186"}],"collection":[{"href":"http:\/\/test.s385-fair4host.http-s.de\/index.php\/wp-json\/wp\/v2\/product"}],"about":[{"href":"http:\/\/test.s385-fair4host.http-s.de\/index.php\/wp-json\/wp\/v2\/types\/product"}],"replies":[{"embeddable":true,"href":"http:\/\/test.s385-fair4host.http-s.de\/index.php\/wp-json\/wp\/v2\/comments?post=20006186"}],"wp:featuredmedia":[{"embeddable":true,"href":"http:\/\/test.s385-fair4host.http-s.de\/index.php\/wp-json\/wp\/v2\/media\/20006187"}],"wp:attachment":[{"href":"http:\/\/test.s385-fair4host.http-s.de\/index.php\/wp-json\/wp\/v2\/media?parent=20006186"}],"curies":[{"name":"wp","href":"https:\/\/api.w.org\/{rel}","templated":true}]}}