{"id":20006138,"date":"2021-01-07T20:37:33","date_gmt":"2021-01-07T19:37:33","guid":{"rendered":"http:\/\/test.s385-fair4host.http-s.de\/index.php\/produkt\/startech-com-usb-otg-adapterkabel-fuer-samsung-galaxy-tab\/"},"modified":"2021-01-07T20:37:33","modified_gmt":"2021-01-07T19:37:33","slug":"startech-com-usb-otg-adapterkabel-fuer-samsung-galaxy-tab","status":"publish","type":"product","link":"http:\/\/test.s385-fair4host.http-s.de\/index.php\/produkt\/startech-com-usb-otg-adapterkabel-fuer-samsung-galaxy-tab\/","title":{"rendered":"StarTech.com USB OTG Adapterkabel f\u00fcr Samsung Galaxy Tab"},"content":{"rendered":"<p>Verwandeln Sie Ihr Samsung Galaxy Tab in einen USB-Host, und schlie\u00dfen Sie USB-Ger\u00e4te (USB-Sticks, M\u00e4use, Tastaturen usw.) an<\/p>\n<p>Das SDCOTG USB On-The-Go (OTG) Adapterkabel f\u00fcr Samsung Galaxy Tab hat eine (30-pin) Samsung-Steckverbindung und eine (4-pin) USB Typ \u2018A\u2019 Buchsenverbindung, und erm\u00f6glich es, Ihrem Galaxy Tab auf eine einfache Weise einen USB Port hinzuzuf\u00fcgen, so dass Sie USB-Zubeh\u00f6rger\u00e4te (z.\u00a0B. USB-Sticks, M\u00e4use, Tastaturen usw.) anschlie\u00dfen k\u00f6nnen. <\/p>\n<p>Das Samsung Tab OTG-Adapterkabel ist auf maximale Haltbarkeit ausgelegt undauf eine Weise gefertigt, die verl\u00e4ssliche, langlebige Verbindungen gew\u00e4hrleistet. Geliefert mit lebenslanger StarTech.com-Garantie.<\/p>\n<p>The StarTech.com Advantage<\/p>\n<p>&#8211; Konvertiert Ihren Samsung Galaxy Tab in einen USB-Host zum Anschluss von USB-Zubeh\u00f6r. Dadurch k\u00f6nnen Sie Bilder herunterladen, Daten \u00fcbertragen und effizienter arbeiten<br \/>&#8211; Der durch den Adapter hinzugef\u00fcgte USB-Port ist ungef\u00e4hr 15 cm weit vom Samsung Galaxy Tab positioniert und bietet gr\u00f6\u00dfere Flexibilit\u00e4t zur Verbindung von USB-Ger\u00e4ten<br \/>&#8211; Mit lebenslanger StarTech.com-Garantie<\/p>\n","protected":false},"excerpt":{"rendered":"<p>StarTech.com USB OTG Adapterkabel f\u00fcr Samsung Galaxy Tab<\/p>\n","protected":false},"featured_media":20006139,"comment_status":"open","ping_status":"closed","template":"","meta":{"spay_email":""},"_links":{"self":[{"href":"http:\/\/test.s385-fair4host.http-s.de\/index.php\/wp-json\/wp\/v2\/product\/20006138"}],"collection":[{"href":"http:\/\/test.s385-fair4host.http-s.de\/index.php\/wp-json\/wp\/v2\/product"}],"about":[{"href":"http:\/\/test.s385-fair4host.http-s.de\/index.php\/wp-json\/wp\/v2\/types\/product"}],"replies":[{"embeddable":true,"href":"http:\/\/test.s385-fair4host.http-s.de\/index.php\/wp-json\/wp\/v2\/comments?post=20006138"}],"wp:featuredmedia":[{"embeddable":true,"href":"http:\/\/test.s385-fair4host.http-s.de\/index.php\/wp-json\/wp\/v2\/media\/20006139"}],"wp:attachment":[{"href":"http:\/\/test.s385-fair4host.http-s.de\/index.php\/wp-json\/wp\/v2\/media?parent=20006138"}],"curies":[{"name":"wp","href":"https:\/\/api.w.org\/{rel}","templated":true}]}}