{"id":20006036,"date":"2021-01-07T20:35:51","date_gmt":"2021-01-07T19:35:51","guid":{"rendered":"http:\/\/test.s385-fair4host.http-s.de\/index.php\/produkt\/hp-adapter-hdmi-zu-vga\/"},"modified":"2021-01-07T20:35:51","modified_gmt":"2021-01-07T19:35:51","slug":"hp-adapter-hdmi-zu-vga","status":"publish","type":"product","link":"http:\/\/test.s385-fair4host.http-s.de\/index.php\/produkt\/hp-adapter-hdmi-zu-vga\/","title":{"rendered":"HP Adapter HDMI zu VGA"},"content":{"rendered":"<p>&#8211; Der HDMI-zu-VGA-Adapter von HP maximiert die Anzeigefunktionalit\u00e4t Ihres HP UltrabookTM oder Notebook-PCs, indem das HDMI-Ausgangssignal in ein analoges VGA-Eingangssignal umgewandelt wird. So l\u00e4sst sich problemlos ein externes VGA-Display anschlie\u00dfen, um mit zwei Displays die Produktivit\u00e4t zu verbessern.<br \/>&#8211; Unterst\u00fctzt High-Definition-Aufl\u00f6sungen von 720p und 1080p auf einem externen Display.<br \/>&#8211; Die kompakte Gr\u00f6\u00dfe erm\u00f6glicht einen problemlosen Transport mit Ihrem Notebook in der Tragetasche, sodass das Produkt ganz einfach mit einem Monitor verbunden werden kann \u2013 unabh\u00e4ngig davon, wo Sie gerade arbeiten.<br \/>&#8211; Das Produkt wird mit beschr\u00e4nkter einj\u00e4hriger Garantie ausgeliefert.<br \/>&#8211; Ultrabook ist eine Marke der Intel Corporation in den USA und anderen L\u00e4ndern.<\/p>\n","protected":false},"excerpt":{"rendered":"<p>Adapter HDMI zu VGA<\/p>\n","protected":false},"featured_media":20006037,"comment_status":"open","ping_status":"closed","template":"","meta":{"spay_email":""},"_links":{"self":[{"href":"http:\/\/test.s385-fair4host.http-s.de\/index.php\/wp-json\/wp\/v2\/product\/20006036"}],"collection":[{"href":"http:\/\/test.s385-fair4host.http-s.de\/index.php\/wp-json\/wp\/v2\/product"}],"about":[{"href":"http:\/\/test.s385-fair4host.http-s.de\/index.php\/wp-json\/wp\/v2\/types\/product"}],"replies":[{"embeddable":true,"href":"http:\/\/test.s385-fair4host.http-s.de\/index.php\/wp-json\/wp\/v2\/comments?post=20006036"}],"wp:featuredmedia":[{"embeddable":true,"href":"http:\/\/test.s385-fair4host.http-s.de\/index.php\/wp-json\/wp\/v2\/media\/20006037"}],"wp:attachment":[{"href":"http:\/\/test.s385-fair4host.http-s.de\/index.php\/wp-json\/wp\/v2\/media?parent=20006036"}],"curies":[{"name":"wp","href":"https:\/\/api.w.org\/{rel}","templated":true}]}}