{"id":20005994,"date":"2021-01-07T20:35:01","date_gmt":"2021-01-07T19:35:01","guid":{"rendered":"http:\/\/test.s385-fair4host.http-s.de\/index.php\/produkt\/d-link-go-sw-16g-unmanaged-l2-gigabit-ethernet-10-100-1000-1u-schwarz\/"},"modified":"2021-01-07T20:35:01","modified_gmt":"2021-01-07T19:35:01","slug":"d-link-go-sw-16g-unmanaged-l2-gigabit-ethernet-10-100-1000-1u-schwarz","status":"publish","type":"product","link":"http:\/\/test.s385-fair4host.http-s.de\/index.php\/produkt\/d-link-go-sw-16g-unmanaged-l2-gigabit-ethernet-10-100-1000-1u-schwarz\/","title":{"rendered":"D-Link GO-SW-16G Unmanaged L2 Gigabit Ethernet (10\/100\/1000) 1U Schwarz"},"content":{"rendered":"<p>Die dlinkgo Unmanaged Gigabit Switches mit 16 (GO-SW-16G) und mit 24 Ports (GO-SW- 24G) sind eine wirtschaftliche L\u00f6sung f\u00fcr den SOHO-Bereich sowie f\u00fcr kleine und mittlere Unternehmen, die einen energieeffizienten Switch ben\u00f6tigen, mit dem sie die hohe Bandbreite von Gigabit Ethernet nutzen k\u00f6nnen. <\/p>\n<p><b>Gigabit Ethernet an allen Ports <\/b><br \/>Bei den Gigabit Easy Desktop Switches mit 16\/24 Ports steht die Geschwindigkeit von Gigabit Ethernet an allen Ports zur Verf\u00fcgung \u2013 f\u00fcr ein echtes Hochgeschwindigkeitsnetzwerk. Damit profitieren Sie von schnelleren Daten\u00fcbertragungen und Backups sowie von unterbrechungsfreien VoIP-Gespr\u00e4chen und Multimedia-Streams. Heterogene Netzwerke mit einer Mischung aus \u00e4lteren und neuen Ger\u00e4ten stellen kein Problem dar: Da jeder Port Ethernet-, Fast Ethernet- und Gigabit Ethernet-Verbindungen unterst\u00fctzt, ist eine uneingeschr\u00e4nkte R\u00fcckw\u00e4rtskompatibilit\u00e4t gew\u00e4hrleistet. <\/p>\n<p><b>Innovatives Design <\/b><br \/>Das elegante Kunststoffgeh\u00e4use des GO-SW-16G\/24G ist ein Novum unter SOHO\/KMU-Hochleistungsswitches. Die gute W\u00e4rmeableitung des kompakten Desktop-Geh\u00e4uses gestattet eine l\u00fcfterlose Konstruktion. Damit sind die Switches im Betrieb lautlos und \u00e4u\u00dferst flexibel aufstellbar. Die Gigabit Easy Desktop Switches mit 16\/24 Ports sind klein, leicht und f\u00fcr die Wandbefestigung geeignet. Damit eignen sich die Ger\u00e4te optimal f\u00fcr Unternehmen mit hohen Anforderungen und einem eingeschr\u00e4nktem Budget. <\/p>\n<p><b>Energiesparend <\/b><br \/>Die Gigabit Easy Desktop Switches mit 16\/24 Ports sparen durch verschiedene Verfahren automatisch Strom. Jedes Ger\u00e4t deaktiviert automatisch Ports ohne Verbindung, wodurch es an ungenutzten Ports und bei ausgeschalteten Computern in betr\u00e4chtlichem Ma\u00dfe Strom sparen kann. Zudem wird die Kabell\u00e4nge angeschlossener Ger\u00e4te erkannt und der Stromverbrauch entsprechend angepasst, was ohne Einbu\u00dfen bei der Netzwerkleistung Energie spart.<br \/><b><br \/>Die gr\u00fcne L\u00f6sung <\/b><br \/>Die Gigabit Easy Desktop Switches mit 16\/24 Ports (GO-SW-16G\/24G) erzielen mit ihrer D-Link Green\u2122-Technologie h\u00f6here Energieeinsparungen und eine l\u00e4ngere Produktlebensdauer ohne Einbu\u00dfen bei Leistung und Funktionalit\u00e4t. Die beiden RoHS-konformen Switches sind mit ihrem wiederverwertbaren Verpackungsmaterial und der verminderten Verwendung von Gefahrstoffen besonders umweltfreundlich.<\/p>\n","protected":false},"excerpt":{"rendered":"<p>16-Port Gigabit Easy Desktop Switch<\/p>\n","protected":false},"featured_media":20005995,"comment_status":"open","ping_status":"closed","template":"","meta":{"spay_email":""},"_links":{"self":[{"href":"http:\/\/test.s385-fair4host.http-s.de\/index.php\/wp-json\/wp\/v2\/product\/20005994"}],"collection":[{"href":"http:\/\/test.s385-fair4host.http-s.de\/index.php\/wp-json\/wp\/v2\/product"}],"about":[{"href":"http:\/\/test.s385-fair4host.http-s.de\/index.php\/wp-json\/wp\/v2\/types\/product"}],"replies":[{"embeddable":true,"href":"http:\/\/test.s385-fair4host.http-s.de\/index.php\/wp-json\/wp\/v2\/comments?post=20005994"}],"wp:featuredmedia":[{"embeddable":true,"href":"http:\/\/test.s385-fair4host.http-s.de\/index.php\/wp-json\/wp\/v2\/media\/20005995"}],"wp:attachment":[{"href":"http:\/\/test.s385-fair4host.http-s.de\/index.php\/wp-json\/wp\/v2\/media?parent=20005994"}],"curies":[{"name":"wp","href":"https:\/\/api.w.org\/{rel}","templated":true}]}}