{"id":20005968,"date":"2021-01-07T20:34:35","date_gmt":"2021-01-07T19:34:35","guid":{"rendered":"http:\/\/test.s385-fair4host.http-s.de\/index.php\/produkt\/brother-lc-121m-druckerpatrone-1-stuecke-original-magenta\/"},"modified":"2021-01-07T20:34:35","modified_gmt":"2021-01-07T19:34:35","slug":"brother-lc-121m-druckerpatrone-1-stuecke-original-magenta","status":"publish","type":"product","link":"http:\/\/test.s385-fair4host.http-s.de\/index.php\/produkt\/brother-lc-121m-druckerpatrone-1-stuecke-original-magenta\/","title":{"rendered":"Brother LC-121M Druckerpatrone 1 St\u00fcck(e) Original Magenta"},"content":{"rendered":"<p><b>100 Jahre Lichtechtheit<\/b><\/p>\n<p>Brother Tintenpatronen sind besonders gut zum Ausdrucken von Dokumenten geeignet, die \u00fcber einen l\u00e4ngeren Zeitraum archiviert werden sollen. Bei gleichzeitiger Verwendung des Druckpapiers Brother BP-71 &#8211; das optimal auf die Zusammensetzung der in der Druckerpatrone enthaltenen Tinte abgestimmt ist \u2013 garantieren wir sogar \u00fcber einen Zeitraum von 100 Jahren Lichtechtheit.<\/p>\n<p><b>4 separate Patronen<\/b><\/p>\n<p>Alle Brother Tinten-Multifunktionsger\u00e4te haben f\u00fcr jede Farbe separate Tintenpatronen. Es muss nur die Patrone ersetzt werden, die auch tats\u00e4chlich verbraucht wurde. Somit schonen Sie die Umwelt und Ihren Geldbeutel.<\/p>\n<p><b>Blauer Engel<\/b><\/p>\n<p>Brother Tintenpatronen haben zusammen mit dem getesteten Ger\u00e4t die Blauer Engel Zertifizierung nach RAL-ZU 122 erworben und sind somit als besonders umwelt- und ressourcenschonend anzusehen.<\/p>\n","protected":false},"excerpt":{"rendered":"<p>Tintenpatrone LC-121M (Magenta) f\u00fcr DCP-J752DW, MFC-J870DW, 300 Seiten<\/p>\n","protected":false},"featured_media":20005969,"comment_status":"open","ping_status":"closed","template":"","meta":{"spay_email":""},"_links":{"self":[{"href":"http:\/\/test.s385-fair4host.http-s.de\/index.php\/wp-json\/wp\/v2\/product\/20005968"}],"collection":[{"href":"http:\/\/test.s385-fair4host.http-s.de\/index.php\/wp-json\/wp\/v2\/product"}],"about":[{"href":"http:\/\/test.s385-fair4host.http-s.de\/index.php\/wp-json\/wp\/v2\/types\/product"}],"replies":[{"embeddable":true,"href":"http:\/\/test.s385-fair4host.http-s.de\/index.php\/wp-json\/wp\/v2\/comments?post=20005968"}],"wp:featuredmedia":[{"embeddable":true,"href":"http:\/\/test.s385-fair4host.http-s.de\/index.php\/wp-json\/wp\/v2\/media\/20005969"}],"wp:attachment":[{"href":"http:\/\/test.s385-fair4host.http-s.de\/index.php\/wp-json\/wp\/v2\/media?parent=20005968"}],"curies":[{"name":"wp","href":"https:\/\/api.w.org\/{rel}","templated":true}]}}