{"id":20005768,"date":"2021-01-07T20:31:11","date_gmt":"2021-01-07T19:31:11","guid":{"rendered":"http:\/\/test.s385-fair4host.http-s.de\/index.php\/produkt\/logitech-lgt-m185b\/"},"modified":"2021-01-07T20:31:11","modified_gmt":"2021-01-07T19:31:11","slug":"logitech-lgt-m185b","status":"publish","type":"product","link":"http:\/\/test.s385-fair4host.http-s.de\/index.php\/produkt\/logitech-lgt-m185b\/","title":{"rendered":"Logitech LGT-M185B"},"content":{"rendered":"<p>ZUVERL\u00c4SSIG UND KABELLOS<br \/>Keine Verz\u00f6gerungen oder Ausf\u00e4lle. Der winzige kabellose Empf\u00e4nger garantiert Ihnen eine zuverl\u00e4ssige Verbindung.<\/p>\n<p>BATTERIELEISTUNG F\u00dcR EIN JAHR<br \/>Die Batterielebensdauer von zw\u00f6lf Monaten erspart Ihnen h\u00e4ufiges Batteriewechseln.1<\/p>\n<p>GEBAUT F\u00dcR EIN LANGES LEBEN<br \/>Sie erwerben die hohe Qualit\u00e4t und Zuverl\u00e4ssigkeit, f\u00fcr die Logitech bekannt ist \u2013 und dazu eine eingeschr\u00e4nkte Hardwaregarantie von drei Jahren.<\/p>\n<p>WINZIGER USB-NANO-EMPF\u00c4NGER<br \/>Funktioniert mit Window\u00ae, Chrome OS\u2122 und Mac. Der Empf\u00e4nger ist so winzig, dass er st\u00e4ndig in Ihrem Computer eingesteckt bleiben kann. Und Sorgen um verloren gegangene Empf\u00e4nger geh\u00f6ren der Vergangenheit an.<\/p>\n<p>1 JAHR BATTERIELEBENSDAUER<br \/>Ein Jahr lang kein l\u00e4stiger Batteriewechsel. Der Ein-\/Ausschalter und der intelligente Energiesparmodus sparen Energie.1<\/p>\n<p>LOGITECHS ZUVERL\u00c4SSIGKEIT<br \/>Sie erwerben die hohe Qualit\u00e4t und Zuverl\u00e4ssigkeit, die Logitech zum f\u00fchrenden Maushersteller gemacht haben \u2013 und dazu eine eingeschr\u00e4nkte Hardwaregarantie von drei Jahren.<\/p>\n<p>KABELLOSE LOGITECH ADVANCED 2,4-GHZ-TECHNOLOGIE<br \/>Profitieren Sie von kabelloser Bewegungsfreiheit und h\u00f6chster Zuverl\u00e4ssigkeit: schnelle Daten\u00fcbertragung und nahezu keine Verz\u00f6gerungen oder Ausf\u00e4lle.<\/p>\n<p>PLUG&#038;PLAY-KOMFORT<br \/>Keine Software, keine Komplikationen: Stecken Sie einfach den winzigen Nano-Empf\u00e4nger ein und legen Sie los.<\/p>\n<p>KOMFORTABLES, GESCHWUNGENES DESIGN<br \/>Die geschwungene Form liegt gut in beiden H\u00e4nden und bietet mehr Komfort als ein Touchpad.<\/p>\n<p>IDEAL F\u00dcR NOTEBOOKS<br \/>Ihre Maus funktioniert mit Windows, Mac, Chrome OS\u2122 und Linux\u00ae. Egal, welchen Computer Sie besitzen oder sich demn\u00e4chst zulegen werden \u2013 Sie k\u00f6nnen sich voll und ganz auf Ihre Maus verlassen.<\/p>\n","protected":false},"excerpt":{"rendered":"<p>Wireless mouse M185<\/p>\n","protected":false},"featured_media":20005769,"comment_status":"open","ping_status":"closed","template":"","meta":{"spay_email":""},"_links":{"self":[{"href":"http:\/\/test.s385-fair4host.http-s.de\/index.php\/wp-json\/wp\/v2\/product\/20005768"}],"collection":[{"href":"http:\/\/test.s385-fair4host.http-s.de\/index.php\/wp-json\/wp\/v2\/product"}],"about":[{"href":"http:\/\/test.s385-fair4host.http-s.de\/index.php\/wp-json\/wp\/v2\/types\/product"}],"replies":[{"embeddable":true,"href":"http:\/\/test.s385-fair4host.http-s.de\/index.php\/wp-json\/wp\/v2\/comments?post=20005768"}],"wp:featuredmedia":[{"embeddable":true,"href":"http:\/\/test.s385-fair4host.http-s.de\/index.php\/wp-json\/wp\/v2\/media\/20005769"}],"wp:attachment":[{"href":"http:\/\/test.s385-fair4host.http-s.de\/index.php\/wp-json\/wp\/v2\/media?parent=20005768"}],"curies":[{"name":"wp","href":"https:\/\/api.w.org\/{rel}","templated":true}]}}