{"id":20005758,"date":"2021-01-07T20:30:55","date_gmt":"2021-01-07T19:30:55","guid":{"rendered":"http:\/\/test.s385-fair4host.http-s.de\/index.php\/produkt\/logitech-z623-200-w-schwarz-2-1-kanaele\/"},"modified":"2021-01-07T20:30:55","modified_gmt":"2021-01-07T19:30:55","slug":"logitech-z623-200-w-schwarz-2-1-kanaele","status":"publish","type":"product","link":"http:\/\/test.s385-fair4host.http-s.de\/index.php\/produkt\/logitech-z623-200-w-schwarz-2-1-kanaele\/","title":{"rendered":"Logitech Z623 200 W Schwarz 2.1 Kan\u00e4le"},"content":{"rendered":"<p><b>Dieses THX-zertifizierte 2.1-System liefert einen gro\u00dfartigen, vollen Sound mit 200\u00a0Watt effektiver Leistung.<\/b><\/p>\n<p><b>Damit Sie kein Detail verpassen<\/b><br \/>Dieses THX\u00ae-zertifizierte 2.1-Lautsprechersystem mit 200 Watt produziert starken Sound mit feinen Details.<\/p>\n<p><b>Lebendig!<\/b><br \/>Kr\u00e4ftige B\u00e4sse, klare H\u00f6hen und volle Mittelt\u00f6ne erwecken Ihre Musik, Filme und Spiele zum Leben.<\/p>\n<p><b>Sie sitzen am Steuer<\/b><br \/>Dank der vielen praktischen Eing\u00e4nge f\u00fcr Audio-, Video- und Gaming-Ger\u00e4te klingen Musik, Filme und Spiele viel besser.<\/p>\n<p><b>THX-Zertifikat<\/b><br \/>Qualit\u00e4t, auf die Sie sich verlassen k\u00f6nnen: Diese Lautsprecher erf\u00fcllen die strengsten Leistungsstandards und wurden daf\u00fcr mit dem THX-Zertifikat ausgezeichnet.<\/p>\n<p><b>200 Watt effektive Leistung<\/b><br \/>So laut, wie Sie m\u00f6chten. H\u00f6ren und sp\u00fcren Sie, wie diese Lautsprecher Musik, Filme und Spiele mit einem eindrucksvollen Klang zum Leben erwecken.<\/p>\n<p><b>Mehrere Eing\u00e4nge<\/b><br \/>Dank der praktischen Cinch- und 3,5-mm-Eing\u00e4nge f\u00fcr Audio-, Video- und Gaming-Ger\u00e4te klingen Ihre Musik, Filme und Spiele einfach besser.<\/p>\n<p><b>Leistungsstarkes 2.1-System<\/b><br \/>Zwei schnell aufgebaute Satelliten und ein leistungsstarker Subwoofer sorgen f\u00fcr einen vollen Sound \u2013 auch in gro\u00dfen R\u00e4umen.<\/p>\n<p><b>Integrierte Bedienelemente<\/b><br \/>Alles unter Kontrolle \u2013 drehen Sie Lautst\u00e4rke und Bass auf (oder herunter) und genie\u00dfen Sie Musik, Filme und Spiele ganz nach Ihren Vorlieben.<\/p>\n<p><b>Integrierte Kopfh\u00f6rerbuchse<\/b><br \/>F\u00fcr ungest\u00f6rten Musikgenuss schlie\u00dfen Sie einfach Ihre Kopfh\u00f6rer an.<\/p>\n","protected":false},"excerpt":{"rendered":"<p>Z623 Speaker System + Subwoofer, 200W RMS, 3.5 mm jack, RCA<\/p>\n","protected":false},"featured_media":20005759,"comment_status":"open","ping_status":"closed","template":"","meta":{"spay_email":""},"_links":{"self":[{"href":"http:\/\/test.s385-fair4host.http-s.de\/index.php\/wp-json\/wp\/v2\/product\/20005758"}],"collection":[{"href":"http:\/\/test.s385-fair4host.http-s.de\/index.php\/wp-json\/wp\/v2\/product"}],"about":[{"href":"http:\/\/test.s385-fair4host.http-s.de\/index.php\/wp-json\/wp\/v2\/types\/product"}],"replies":[{"embeddable":true,"href":"http:\/\/test.s385-fair4host.http-s.de\/index.php\/wp-json\/wp\/v2\/comments?post=20005758"}],"wp:featuredmedia":[{"embeddable":true,"href":"http:\/\/test.s385-fair4host.http-s.de\/index.php\/wp-json\/wp\/v2\/media\/20005759"}],"wp:attachment":[{"href":"http:\/\/test.s385-fair4host.http-s.de\/index.php\/wp-json\/wp\/v2\/media?parent=20005758"}],"curies":[{"name":"wp","href":"https:\/\/api.w.org\/{rel}","templated":true}]}}