{"id":20005754,"date":"2021-01-07T20:30:53","date_gmt":"2021-01-07T19:30:53","guid":{"rendered":"http:\/\/test.s385-fair4host.http-s.de\/index.php\/produkt\/logitech-z313-25-w-schwarz-2-1-kanaele\/"},"modified":"2021-01-07T20:30:53","modified_gmt":"2021-01-07T19:30:53","slug":"logitech-z313-25-w-schwarz-2-1-kanaele","status":"publish","type":"product","link":"http:\/\/test.s385-fair4host.http-s.de\/index.php\/produkt\/logitech-z313-25-w-schwarz-2-1-kanaele\/","title":{"rendered":"Logitech Z313 25 W Schwarz 2.1 Kan\u00e4le"},"content":{"rendered":"<p>Mit diesem Lautsprechersystem k\u00f6nnen Sie sich dank praktischem Steuerger\u00e4t und vollem, ausgewogenem Klang zur\u00fccklehnen und von der Musik treiben lassen.<\/p>\n<p><b>Praktisches Steuerger\u00e4t<\/b><br \/>Mit dem kabelgebundenen Steuerger\u00e4t k\u00f6nnen Sie leicht die Lautsprecher ein- und ausschalten sowie die Lautst\u00e4rke anpassen.<\/p>\n<p><b>25 Watt (effektiv)<\/b><br \/>Mit dieser Leistung wird jeder Raum mit einem vollen, ausgewogenen Klang erf\u00fcllt. Woher wei\u00df ich, wie viel Watt ich ben\u00f6tige?<\/p>\n<p><b>Compact subwoofer<\/b><br \/>Der kompakte Hochleistungs-Subwoofer passt \u00fcberall hin und erzeugt einen kr\u00e4ftigeren Bass, wenn Sie den Sound noch intensiver h\u00f6ren m\u00f6chten. Wissen Sie, was \u201eWatt\u201c bedeutet? Informieren Sie sich \u00fcber die Terminologie zu Audioger\u00e4ten, um die richtige Wahl zu treffen.<\/p>\n<p><b>Einfaches Einrichten<\/b><br \/>Schlie\u00dfen Sie die Lautsprecher einfach an den Subwoofer an und verbinden Sie den Subwoofer mit Ihrem Computer. Das ist alles.<\/p>\n<p><b>Kopfh\u00f6rerbuchse<\/b><br \/>Sie k\u00f6nnen ungest\u00f6rt Ihre Lieblingslieder h\u00f6ren, spielen oder Filme schauen.<\/p>\n","protected":false},"excerpt":{"rendered":"<p>2.1 ch, 25 W, 48 Hz &#8211; 20 kHz, Schwarz<\/p>\n","protected":false},"featured_media":20005755,"comment_status":"open","ping_status":"closed","template":"","meta":{"spay_email":""},"_links":{"self":[{"href":"http:\/\/test.s385-fair4host.http-s.de\/index.php\/wp-json\/wp\/v2\/product\/20005754"}],"collection":[{"href":"http:\/\/test.s385-fair4host.http-s.de\/index.php\/wp-json\/wp\/v2\/product"}],"about":[{"href":"http:\/\/test.s385-fair4host.http-s.de\/index.php\/wp-json\/wp\/v2\/types\/product"}],"replies":[{"embeddable":true,"href":"http:\/\/test.s385-fair4host.http-s.de\/index.php\/wp-json\/wp\/v2\/comments?post=20005754"}],"wp:featuredmedia":[{"embeddable":true,"href":"http:\/\/test.s385-fair4host.http-s.de\/index.php\/wp-json\/wp\/v2\/media\/20005755"}],"wp:attachment":[{"href":"http:\/\/test.s385-fair4host.http-s.de\/index.php\/wp-json\/wp\/v2\/media?parent=20005754"}],"curies":[{"name":"wp","href":"https:\/\/api.w.org\/{rel}","templated":true}]}}