{"id":20005752,"date":"2021-01-07T20:30:52","date_gmt":"2021-01-07T19:30:52","guid":{"rendered":"http:\/\/test.s385-fair4host.http-s.de\/index.php\/produkt\/logitech-desktop-mk120-tastatur-usb-qwertz-deutsch-schwarz\/"},"modified":"2021-01-07T20:30:52","modified_gmt":"2021-01-07T19:30:52","slug":"logitech-desktop-mk120-tastatur-usb-qwertz-deutsch-schwarz","status":"publish","type":"product","link":"http:\/\/test.s385-fair4host.http-s.de\/index.php\/produkt\/logitech-desktop-mk120-tastatur-usb-qwertz-deutsch-schwarz\/","title":{"rendered":"Logitech Desktop MK120 Tastatur USB QWERTZ Deutsch Schwarz"},"content":{"rendered":"<p><b>Angenehmes Tippen<\/b><\/p>\n<p>Ihre H\u00e4nde werden die flachen Tasten mit nahezu ger\u00e4uschlosem Anschlag, die herk\u00f6mmliche Tastenanordnung sowie die F-Tasten und den Nummernblock in Standardgr\u00f6\u00dfe lieben.<\/p>\n<p><b>Robust und schick<\/b><\/p>\n<p>Die flache Tastatur ist nicht nur elegant \u2013 sie ist robust und spritzwassergesch\u00fctzt* mit anpassbarer Tastaturh\u00f6he und strapazierf\u00e4higen Tasten.<\/p>\n<p><b>Fl\u00fcssige Steuerung<\/b><\/p>\n<p>Die pr\u00e4zise, hochaufl\u00f6sende optische Maus sorgt f\u00fcr eine fl\u00fcssige Abtastung und genaues Arbeiten.<\/p>\n<p><b>Komfortables, leises Tippen<\/b><\/p>\n<p>Genie\u00dfen Sie optimalen und leisen Tippkomfort dank flacher Tasten mit nahezu ger\u00e4uschlosem Anschlag sowie herk\u00f6mmlicher Tastenanordnung mit F-Tasten in Standardgr\u00f6\u00dfe und Nummernblock.<\/p>\n<p><b>Spritzwassergesch\u00fctztes Design*<\/b><\/p>\n<p>Fl\u00fcssigkeiten k\u00f6nnen von der Tastatur ablaufen \u2013 bei versehentlichem Versch\u00fctten besteht daher kein Grund zur Sorge.<\/p>\n<p><b>Hochaufl\u00f6sende optische Abtastung<\/b><\/p>\n<p>Genie\u00dfen Sie die reaktionsschnelle und fl\u00fcssige Mauszeigersteuerung dank hochaufl\u00f6sender optischer Abtastung (1000 dpi).<\/p>\n<p><b>Flaches Profil<\/b><\/p>\n<p>Das flache Profil der Tastatur bringt Eleganz auf Ihren Schreibtisch und zugleich Ihre H\u00e4nde in eine bequemere und nat\u00fcrlichere Haltung.<\/p>\n<p><b>Strapazierf\u00e4hige Tasten<\/b><\/p>\n<p>Die Tasten sind auf bis zu 10 Millionen Anschl\u00e4ge ausgelegt** und funktionieren auch dann noch einwandfrei, wenn andere Tastaturen l\u00e4ngst den Geist aufgegeben haben.<\/p>\n<p><b>Plug&#038;Play-USB-Anschl\u00fcsse<\/b><\/p>\n<p>Das Einrichten ist kinderleicht: Schlie\u00dfen Sie Tastatur und Maus einfach an USB-Schnittstellen an Ihrem Desktop-Computer, Notebook oder Netbook an, und schon k\u00f6nnen Sie loslegen.<\/p>\n<p><b>Gut lesbare Tasten<\/b><\/p>\n<p>Die Tasten sind dank fettgedruckter, leuchtend wei\u00dfer Beschriftung leicht zu lesen und damit auch perfekt f\u00fcr alle mit nicht ganz so perfektem Sehverm\u00f6gen geeignet. Zudem nutzt sich die Beschriftung nicht so schnell ab.<\/p>\n<p><b>Anpassbare Tastaturh\u00f6he<\/b><\/p>\n<p>Sie k\u00f6nnen die F\u00fc\u00dfe der Tastatur ausklappen und so ihre Neigung um acht Grad erh\u00f6hen, um sie Ihrer Handhaltung anzupassen.<\/p>\n<p><b>Logitech-Zuverl\u00e4ssigkeit<\/b><\/p>\n<p>Sie erhalten die hohe Qualit\u00e4t und Zuverl\u00e4ssigkeit, die Logitech zum f\u00fchrenden Tastatur- und Maushersteller gemacht haben, sowie drei Jahre Garantie zu einem erschwinglichen Preis.<\/p>\n<p><b>Geschwungene Leertaste<\/b><\/p>\n<p>Dank ihr werden Ihre H\u00e4nde in eine nat\u00fcrlichere Position gebracht, sodass Sie komfortabel tippen k\u00f6nnen.<\/p>\n","protected":false},"excerpt":{"rendered":"<p>Desktop MK120, DE (Qwertz)<\/p>\n","protected":false},"featured_media":20005753,"comment_status":"open","ping_status":"closed","template":"","meta":{"spay_email":""},"_links":{"self":[{"href":"http:\/\/test.s385-fair4host.http-s.de\/index.php\/wp-json\/wp\/v2\/product\/20005752"}],"collection":[{"href":"http:\/\/test.s385-fair4host.http-s.de\/index.php\/wp-json\/wp\/v2\/product"}],"about":[{"href":"http:\/\/test.s385-fair4host.http-s.de\/index.php\/wp-json\/wp\/v2\/types\/product"}],"replies":[{"embeddable":true,"href":"http:\/\/test.s385-fair4host.http-s.de\/index.php\/wp-json\/wp\/v2\/comments?post=20005752"}],"wp:featuredmedia":[{"embeddable":true,"href":"http:\/\/test.s385-fair4host.http-s.de\/index.php\/wp-json\/wp\/v2\/media\/20005753"}],"wp:attachment":[{"href":"http:\/\/test.s385-fair4host.http-s.de\/index.php\/wp-json\/wp\/v2\/media?parent=20005752"}],"curies":[{"name":"wp","href":"https:\/\/api.w.org\/{rel}","templated":true}]}}